Last updated on 2024-04-18 10:49:42 CEST.
Flavor | Version | Tinstall | Tcheck | Ttotal | Status | Flags |
---|---|---|---|---|---|---|
r-devel-linux-x86_64-debian-clang | 0.8.5 | 172.47 | 197.89 | 370.36 | NOTE | |
r-devel-linux-x86_64-debian-gcc | 0.8.5 | 158.02 | 159.76 | 317.78 | NOTE | |
r-devel-linux-x86_64-fedora-clang | 0.8.5 | 472.42 | NOTE | |||
r-devel-linux-x86_64-fedora-gcc | 0.8.5 | 533.05 | NOTE | |||
r-prerel-macos-arm64 | 0.8.5 | 121.00 | NOTE | |||
r-prerel-windows-x86_64 | 0.8.5 | 131.00 | 174.00 | 305.00 | NOTE | |
r-patched-linux-x86_64 | 0.8.5 | 140.63 | 211.02 | 351.65 | NOTE | |
r-release-linux-x86_64 | 0.8.5 | 145.45 | 207.90 | 353.35 | NOTE | |
r-release-macos-arm64 | 0.8.5 | 105.00 | NOTE | |||
r-release-macos-x86_64 | 0.8.5 | 213.00 | NOTE | |||
r-release-windows-x86_64 | 0.8.5 | 175.00 | 216.00 | 391.00 | NOTE | |
r-oldrel-macos-arm64 | 0.8.5 | 109.00 | NOTE | |||
r-oldrel-windows-x86_64 | 0.8.5 | 159.00 | 224.00 | 383.00 | NOTE |
Version: 0.8.5
Check: for GNU extensions in Makefiles
Result: NOTE
GNU make is a SystemRequirements.
Flavors: r-devel-linux-x86_64-debian-clang, r-devel-linux-x86_64-debian-gcc, r-devel-linux-x86_64-fedora-clang, r-devel-linux-x86_64-fedora-gcc, r-prerel-macos-arm64, r-prerel-windows-x86_64, r-patched-linux-x86_64, r-release-linux-x86_64, r-release-macos-arm64, r-release-macos-x86_64, r-release-windows-x86_64, r-oldrel-macos-arm64, r-oldrel-windows-x86_64
Version: 0.8.5
Check: installed package size
Result: NOTE
installed size is 45.2Mb
sub-directories of 1Mb or more:
libs 44.9Mb
Flavors: r-prerel-macos-arm64, r-release-macos-arm64, r-release-macos-x86_64, r-oldrel-macos-arm64