Last updated on 2024-03-28 10:49:28 CET.
Flavor | Version | Tinstall | Tcheck | Ttotal | Status | Flags |
---|---|---|---|---|---|---|
r-devel-linux-x86_64-debian-clang | 0.8.7 | 16.80 | 212.90 | 229.70 | OK | |
r-devel-linux-x86_64-debian-gcc | 0.8.7 | 11.54 | 161.41 | 172.95 | OK | |
r-devel-linux-x86_64-fedora-clang | 0.8.7 | 285.36 | NOTE | |||
r-devel-linux-x86_64-fedora-gcc | 0.8.7 | 287.19 | OK | |||
r-devel-windows-x86_64 | 0.8.7 | 12.00 | 172.00 | 184.00 | OK | |
r-patched-linux-x86_64 | 0.8.7 | 10.15 | 207.81 | 217.96 | OK | |
r-release-linux-x86_64 | 0.8.7 | 8.89 | 208.04 | 216.93 | OK | |
r-release-macos-arm64 | 0.8.7 | 90.00 | OK | |||
r-release-macos-x86_64 | 0.8.7 | 207.00 | OK | |||
r-release-windows-x86_64 | 0.8.7 | 17.00 | 220.00 | 237.00 | OK | |
r-oldrel-macos-arm64 | 0.8.7 | 82.00 | OK | |||
r-oldrel-windows-x86_64 | 0.8.7 | 17.00 | 226.00 | 243.00 | OK |
Version: 0.8.7
Check: Rd cross-references
Result: NOTE
Undeclared package ‘generics’ in Rd xrefs
Flavor: r-devel-linux-x86_64-fedora-clang