CRAN Package Check Results for Package brainKCCA

Last updated on 2022-05-27 10:53:43 CEST.

Flavor Version Tinstall Tcheck Ttotal Status Flags
r-devel-linux-x86_64-debian-clang 0.1.0 7.52 84.45 91.97 OK
r-devel-linux-x86_64-debian-gcc 0.1.0 8.43 65.86 74.29 OK
r-devel-linux-x86_64-fedora-clang 0.1.0 117.07 NOTE
r-devel-linux-x86_64-fedora-gcc 0.1.0 115.57 NOTE
r-devel-windows-x86_64 0.1.0 35.00 111.00 146.00 OK
r-patched-linux-x86_64 0.1.0 10.93 81.81 92.74 OK
r-release-linux-x86_64 0.1.0 8.52 83.07 91.59 OK
r-release-macos-arm64 0.1.0 48.00 NOTE
r-release-macos-x86_64 0.1.0 73.00 NOTE
r-release-windows-x86_64 0.1.0 25.00 118.00 143.00 OK
r-oldrel-macos-arm64 0.1.0 58.00 NOTE
r-oldrel-macos-x86_64 0.1.0 79.00 NOTE
r-oldrel-windows-ix86+x86_64 0.1.0 25.00 106.00 131.00 OK

Check Details

Version: 0.1.0
Check: dependencies in R code
Result: NOTE
    Namespaces in Imports field not imported from:
     ‘CCA’ ‘brainR’ ‘elasticnet’
     All declared Imports should be used.
Flavors: r-devel-linux-x86_64-fedora-clang, r-devel-linux-x86_64-fedora-gcc, r-release-macos-arm64, r-release-macos-x86_64, r-oldrel-macos-arm64, r-oldrel-macos-x86_64