CRAN Package Check Results for Package bootGOF

Last updated on 2022-09-26 09:49:53 CEST.

Flavor Version Tinstall Tcheck Ttotal Status Flags
r-devel-linux-x86_64-debian-clang 0.1.0 16.01 41.98 57.99 OK
r-devel-linux-x86_64-debian-gcc 0.1.0 7.33 32.18 39.51 OK
r-devel-linux-x86_64-fedora-clang 0.1.0 77.86 NOTE
r-devel-linux-x86_64-fedora-gcc 0.1.0 77.81 NOTE
r-devel-windows-x86_64 0.1.0 19.00 78.00 97.00 OK
r-patched-linux-x86_64 0.1.0 12.10 39.31 51.41 OK
r-release-linux-x86_64 0.1.0 12.76 39.63 52.39 OK
r-release-macos-arm64 0.1.0 24.00 NOTE
r-release-macos-x86_64 0.1.0 34.00 NOTE
r-release-windows-x86_64 0.1.0 21.00 76.00 97.00 OK
r-oldrel-macos-arm64 0.1.0 31.00 NOTE
r-oldrel-macos-x86_64 0.1.0 32.00 NOTE
r-oldrel-windows-ix86+x86_64 0.1.0 20.00 72.00 92.00 OK

Check Details

Version: 0.1.0
Check: dependencies in R code
Result: NOTE
    Namespace in Imports field not imported from: ‘R6’
     All declared Imports should be used.
Flavors: r-devel-linux-x86_64-fedora-clang, r-devel-linux-x86_64-fedora-gcc, r-release-macos-arm64, r-release-macos-x86_64, r-oldrel-macos-arm64, r-oldrel-macos-x86_64