CRAN Package Check Results for Package bnmonitor

Last updated on 2021-10-27 10:09:39 CEST.

Flavor Version Tinstall Tcheck Ttotal Status Flags
r-devel-linux-x86_64-debian-clang 0.1.1 20.02 165.04 185.06 OK
r-devel-linux-x86_64-debian-gcc 0.1.1 15.75 124.10 139.85 OK
r-devel-linux-x86_64-fedora-clang 0.1.1 229.94 NOTE
r-devel-linux-x86_64-fedora-gcc 0.1.1 219.57 NOTE
r-devel-windows-x86_64 0.1.1 31.00 210.00 241.00 OK
r-devel-windows-x86_64-gcc10-UCRT 0.1.1 NOTE
r-patched-linux-x86_64 0.1.1 18.48 157.55 176.03 OK
r-patched-solaris-x86 0.1.1 304.90 NOTE
r-release-linux-x86_64 0.1.1 18.52 159.21 177.73 OK
r-release-macos-arm64 0.1.1 NOTE
r-release-macos-x86_64 0.1.1 NOTE
r-release-windows-ix86+x86_64 0.1.1 28.00 193.00 221.00 OK
r-oldrel-macos-x86_64 0.1.1 NOTE
r-oldrel-windows-ix86+x86_64 0.1.1 47.00 192.00 239.00 OK

Check Details

Version: 0.1.1
Check: dependencies in R code
Result: NOTE
    Namespace in Imports field not imported from: ‘matrixcalc’
     All declared Imports should be used.
Flavors: r-devel-linux-x86_64-fedora-clang, r-devel-linux-x86_64-fedora-gcc, r-devel-windows-x86_64-gcc10-UCRT, r-patched-solaris-x86, r-release-macos-arm64, r-release-macos-x86_64, r-oldrel-macos-x86_64