CRAN Package Check Results for Package bnclassify

Last updated on 2020-08-14 10:03:28 CEST.

Flavor Version Tinstall Tcheck Ttotal Status Flags
r-devel-linux-x86_64-debian-clang 0.4.5 133.61 106.02 239.63 OK
r-devel-linux-x86_64-debian-gcc 0.4.5 84.55 71.88 156.43 OK
r-devel-linux-x86_64-fedora-clang 0.4.5 290.17 NOTE
r-devel-linux-x86_64-fedora-gcc 0.4.5 262.61 OK
r-devel-windows-ix86+x86_64 0.4.5 276.00 183.00 459.00 OK
r-patched-linux-x86_64 0.4.5 99.90 102.75 202.65 OK
r-patched-solaris-x86 0.4.5 230.60 OK
r-release-linux-x86_64 0.4.5 100.81 102.25 203.06 OK
r-release-macos-x86_64 0.4.5 NOTE
r-release-windows-ix86+x86_64 0.4.5 256.00 167.00 423.00 OK
r-oldrel-macos-x86_64 0.4.5 NOTE
r-oldrel-windows-ix86+x86_64 0.4.5 182.00 162.00 344.00 OK

Check Details

Version: 0.4.5
Check: installed package size
Result: NOTE
     installed size is 8.2Mb
     sub-directories of 1Mb or more:
     libs 7.3Mb
Flavors: r-devel-linux-x86_64-fedora-clang, r-release-macos-x86_64, r-oldrel-macos-x86_64