Last updated on 2022-05-23 09:51:05 CEST.
Flavor | Version | Tinstall | Tcheck | Ttotal | Status | Flags |
---|---|---|---|---|---|---|
r-devel-linux-x86_64-debian-clang | 1.1.0 | 9.12 | 112.23 | 121.35 | OK | |
r-devel-linux-x86_64-debian-gcc | 1.1.0 | 7.83 | 83.94 | 91.77 | OK | |
r-devel-linux-x86_64-fedora-clang | 1.1.0 | 144.27 | NOTE | |||
r-devel-linux-x86_64-fedora-gcc | 1.1.0 | 145.40 | NOTE | |||
r-devel-windows-x86_64 | 1.1.0 | 26.00 | 137.00 | 163.00 | OK | |
r-patched-linux-x86_64 | 1.1.0 | 8.22 | 106.68 | 114.90 | OK | |
r-release-linux-x86_64 | 1.1.0 | OK | ||||
r-release-macos-arm64 | 1.1.0 | 44.00 | NOTE | |||
r-release-macos-x86_64 | 1.1.0 | 74.00 | NOTE | |||
r-release-windows-x86_64 | 1.1.0 | 26.00 | 143.00 | 169.00 | OK | |
r-oldrel-macos-arm64 | 1.1.0 | 48.00 | NOTE | |||
r-oldrel-macos-x86_64 | 1.1.0 | 62.00 | NOTE | |||
r-oldrel-windows-ix86+x86_64 | 1.1.0 | 29.00 | 120.00 | 149.00 | OK |
Version: 1.1.0
Check: dependencies in R code
Result: NOTE
Namespace in Imports field not imported from: ‘coda’
All declared Imports should be used.
Flavors: r-devel-linux-x86_64-fedora-clang, r-devel-linux-x86_64-fedora-gcc, r-release-macos-arm64, r-release-macos-x86_64, r-oldrel-macos-arm64, r-oldrel-macos-x86_64