Last updated on 2022-07-04 10:52:07 CEST.
Flavor | Version | Tinstall | Tcheck | Ttotal | Status | Flags |
---|---|---|---|---|---|---|
r-devel-linux-x86_64-debian-clang | 1.3.12 | 252.92 | 107.22 | 360.14 | NOTE | |
r-devel-linux-x86_64-debian-gcc | 1.3.12 | 214.78 | 89.95 | 304.73 | NOTE | |
r-devel-linux-x86_64-fedora-clang | 1.3.12 | 491.73 | NOTE | |||
r-devel-linux-x86_64-fedora-gcc | 1.3.12 | 513.95 | NOTE | |||
r-devel-windows-x86_64 | 1.3.12 | 159.00 | 168.00 | 327.00 | NOTE | |
r-patched-linux-x86_64 | 1.3.12 | 0.03 | 2.96 | 2.99 | ERROR | |
r-release-linux-x86_64 | 1.3.12 | 182.89 | 114.52 | 297.41 | NOTE | |
r-release-macos-arm64 | 1.3.12 | 134.00 | NOTE | |||
r-release-macos-x86_64 | 1.3.12 | 208.00 | NOTE | |||
r-release-windows-x86_64 | 1.3.12 | 903.00 | 169.00 | 1072.00 | NOTE | |
r-oldrel-macos-arm64 | 1.3.12 | 138.00 | NOTE | |||
r-oldrel-macos-x86_64 | 1.3.12 | 162.00 | NOTE | |||
r-oldrel-windows-ix86+x86_64 | 1.3.12 | 311.00 | 146.00 | 457.00 | NOTE |
Version: 1.3.12
Check: for GNU extensions in Makefiles
Result: NOTE
GNU make is a SystemRequirements.
Flavors: r-devel-linux-x86_64-debian-clang, r-devel-linux-x86_64-debian-gcc, r-devel-linux-x86_64-fedora-clang, r-devel-linux-x86_64-fedora-gcc, r-devel-windows-x86_64, r-release-linux-x86_64, r-release-macos-arm64, r-release-macos-x86_64, r-release-windows-x86_64, r-oldrel-macos-arm64, r-oldrel-macos-x86_64, r-oldrel-windows-ix86+x86_64
Version: 1.3.12
Check: installed package size
Result: NOTE
installed size is 33.6Mb
sub-directories of 1Mb or more:
libs 33.2Mb
Flavors: r-devel-linux-x86_64-fedora-clang, r-release-macos-arm64, r-release-macos-x86_64, r-oldrel-macos-arm64, r-oldrel-macos-x86_64
Version: 1.3.12
Check: dependencies in R code
Result: NOTE
Namespaces in Imports field not imported from:
‘RcppParallel’ ‘rstantools’
All declared Imports should be used.
Flavors: r-devel-linux-x86_64-fedora-clang, r-devel-linux-x86_64-fedora-gcc, r-release-macos-arm64, r-release-macos-x86_64, r-oldrel-macos-arm64, r-oldrel-macos-x86_64
Version: 1.3.12
Check: whether package can be installed
Result: ERROR
Installation failed.
Flavor: r-patched-linux-x86_64