CRAN Package Check Results for Package bmabasket

Last updated on 2022-10-05 10:51:35 CEST.

Flavor Version Tinstall Tcheck Ttotal Status Flags
r-devel-linux-x86_64-debian-clang 0.1.2 45.99 33.33 79.32 OK
r-devel-linux-x86_64-debian-gcc 0.1.2 38.82 25.11 63.93 WARN
r-devel-linux-x86_64-fedora-clang 0.1.2 127.99 OK
r-devel-linux-x86_64-fedora-gcc 0.1.2 116.20 WARN
r-devel-windows-x86_64 0.1.2 43.00 83.00 126.00 OK
r-patched-linux-x86_64 0.1.2 39.80 31.21 71.01 OK
r-release-linux-x86_64 0.1.2 41.01 30.78 71.79 OK
r-release-macos-arm64 0.1.2 31.00 OK
r-release-macos-x86_64 0.1.2 40.00 OK
r-release-windows-x86_64 0.1.2 52.00 80.00 132.00 OK
r-oldrel-macos-arm64 0.1.2 32.00 OK
r-oldrel-macos-x86_64 0.1.2 39.00 OK
r-oldrel-windows-ix86+x86_64 0.1.2 121.00 86.00 207.00 OK

Check Details

Version: 0.1.2
Check: whether package can be installed
Result: WARN
    Found the following significant warnings:
     /usr/include/x86_64-linux-gnu/bits/string_fortified.h:59:33: warning: ‘void* __builtin_memset(void*, int, long unsigned int)’ forming offset [176, 183] is out of the bounds [0, 176] of object ‘nMaxCritMet’ with type ‘arma::rowvec’ {aka ‘arma::Row<double>’} [-Warray-bounds]
Flavor: r-devel-linux-x86_64-debian-gcc

Version: 0.1.2
Check: whether package can be installed
Result: WARN
    Found the following significant warnings:
     /usr/include/bits/string_fortified.h:59:33: warning: ‘void* __builtin_memset(void*, int, long unsigned int)’ forming offset [176, 183] is out of the bounds [0, 176] of object ‘nMaxCritMet’ with type ‘arma::rowvec’ {aka ‘arma::Row<double>’} [-Warray-bounds]
Flavor: r-devel-linux-x86_64-fedora-gcc