CRAN Package Check Results for Package bltm

Last updated on 2022-07-04 10:52:07 CEST.

Flavor Version Tinstall Tcheck Ttotal Status Flags
r-devel-linux-x86_64-debian-clang 0.1.0 2.93 24.00 26.93 NOTE
r-devel-linux-x86_64-debian-gcc 0.1.0 2.34 19.15 21.49 NOTE
r-devel-linux-x86_64-fedora-clang 0.1.0 43.45 NOTE
r-devel-linux-x86_64-fedora-gcc 0.1.0 42.34 NOTE
r-devel-windows-x86_64 0.1.0 13.00 47.00 60.00 NOTE
r-patched-linux-x86_64 0.1.0 2.79 24.11 26.90 NOTE
r-release-linux-x86_64 0.1.0 2.73 23.90 26.63 NOTE
r-release-macos-arm64 0.1.0 17.00 NOTE
r-release-macos-x86_64 0.1.0 22.00 NOTE
r-release-windows-x86_64 0.1.0 16.00 48.00 64.00 NOTE
r-oldrel-macos-arm64 0.1.0 20.00 NOTE
r-oldrel-macos-x86_64 0.1.0 24.00 NOTE
r-oldrel-windows-ix86+x86_64 0.1.0 7.00 48.00 55.00 NOTE

Check Details

Version: 0.1.0
Check: LazyData
Result: NOTE
     'LazyData' is specified without a 'data' directory
Flavors: r-devel-linux-x86_64-debian-clang, r-devel-linux-x86_64-debian-gcc, r-devel-linux-x86_64-fedora-clang, r-devel-linux-x86_64-fedora-gcc, r-devel-windows-x86_64, r-patched-linux-x86_64, r-release-linux-x86_64, r-release-macos-arm64, r-release-macos-x86_64, r-release-windows-x86_64, r-oldrel-macos-arm64, r-oldrel-macos-x86_64, r-oldrel-windows-ix86+x86_64