CRAN Package Check Results for Package blockmodels

Last updated on 2022-12-05 09:51:13 CET.

Flavor Version Tinstall Tcheck Ttotal Status Flags
r-devel-linux-x86_64-debian-clang 1.1.5 94.17 65.07 159.24 OK
r-devel-linux-x86_64-debian-gcc 1.1.5 75.77 48.75 124.52 OK
r-devel-linux-x86_64-fedora-clang 1.1.5 239.21 OK
r-devel-linux-x86_64-fedora-gcc 1.1.5 230.36 OK
r-devel-windows-x86_64 1.1.5 103.00 112.00 215.00 OK
r-patched-linux-x86_64 1.1.5 86.31 63.04 149.35 OK
r-release-linux-x86_64 1.1.5 76.72 63.03 139.75 OK
r-release-macos-arm64 1.1.5 57.00 NOTE
r-release-macos-x86_64 1.1.5 83.00 NOTE
r-release-windows-x86_64 1.1.5 105.00 121.00 226.00 OK
r-oldrel-macos-arm64 1.1.5 321.00 NOTE
r-oldrel-macos-x86_64 1.1.5 78.00 NOTE
r-oldrel-windows-ix86+x86_64 1.1.5 212.00 131.00 343.00 NOTE

Check Details

Version: 1.1.5
Check: installed package size
Result: NOTE
     installed size is 13.8Mb
     sub-directories of 1Mb or more:
     libs 13.3Mb
Flavors: r-release-macos-arm64, r-release-macos-x86_64, r-oldrel-macos-arm64, r-oldrel-macos-x86_64, r-oldrel-windows-ix86+x86_64