Last updated on 2024-03-29 11:53:48 CET.
Flavor | Version | Tinstall | Tcheck | Ttotal | Status | Flags |
---|---|---|---|---|---|---|
r-devel-linux-x86_64-debian-clang | 1.1.5 | 97.20 | 65.35 | 162.55 | OK | |
r-devel-linux-x86_64-debian-gcc | 1.1.5 | 78.05 | 48.23 | 126.28 | OK | |
r-devel-linux-x86_64-fedora-clang | 1.1.5 | 215.04 | OK | |||
r-devel-linux-x86_64-fedora-gcc | 1.1.5 | 233.25 | OK | |||
r-devel-windows-x86_64 | 1.1.5 | 74.00 | 87.00 | 161.00 | OK | |
r-patched-linux-x86_64 | 1.1.5 | 87.77 | 60.92 | 148.69 | OK | |
r-release-linux-x86_64 | 1.1.5 | 89.21 | 63.24 | 152.45 | OK | |
r-release-macos-arm64 | 1.1.5 | 65.00 | NOTE | |||
r-release-macos-x86_64 | 1.1.5 | 110.00 | NOTE | |||
r-release-windows-x86_64 | 1.1.5 | 93.00 | 100.00 | 193.00 | OK | |
r-oldrel-macos-arm64 | 1.1.5 | 60.00 | NOTE | |||
r-oldrel-windows-x86_64 | 1.1.5 | 89.00 | 101.00 | 190.00 | OK |
Version: 1.1.5
Check: installed package size
Result: NOTE
installed size is 14.1Mb
sub-directories of 1Mb or more:
libs 13.6Mb
Flavors: r-release-macos-arm64, r-release-macos-x86_64, r-oldrel-macos-arm64