CRAN Package Check Results for Package blockCV

Last updated on 2020-08-08 09:48:29 CEST.

Flavor Version Tinstall Tcheck Ttotal Status Flags
r-devel-linux-x86_64-debian-clang 2.1.1 11.59 162.31 173.90 OK
r-devel-linux-x86_64-debian-gcc 2.1.1 9.57 119.33 128.90 OK
r-devel-linux-x86_64-fedora-clang 2.1.1 210.19 NOTE
r-devel-linux-x86_64-fedora-gcc 2.1.1 208.91 OK
r-devel-windows-ix86+x86_64 2.1.1 27.00 206.00 233.00 OK
r-patched-linux-x86_64 2.1.1 12.50 157.21 169.71 OK
r-patched-solaris-x86 2.1.1 314.60 NOTE
r-release-linux-x86_64 2.1.1 10.67 154.88 165.55 OK
r-release-macos-x86_64 2.1.1 OK
r-release-windows-ix86+x86_64 2.1.1 35.00 179.00 214.00 OK
r-oldrel-macos-x86_64 2.1.1 WARN
r-oldrel-windows-ix86+x86_64 2.1.1 19.00 147.00 166.00 OK

Check Details

Version: 2.1.1
Check: Rd cross-references
Result: NOTE
    Undeclared packages ‘biomod2’, ‘gstat’ in Rd xrefs
Flavor: r-devel-linux-x86_64-fedora-clang

Version: 2.1.1
Check: installed package size
Result: NOTE
     installed size is 5.2Mb
     sub-directories of 1Mb or more:
     extdata 4.0Mb
Flavor: r-patched-solaris-x86

Version: 2.1.1
Check: for executable files
Result: WARN
    Found the following executable file:
     inst/extdata/awt.gri
    Source packages should not contain undeclared executable files.
    See section ‘Package structure’ in the ‘Writing R Extensions’ manual.
Flavor: r-oldrel-macos-x86_64