Last updated on 2024-05-07 10:55:53 CEST.
Flavor | Version | Tinstall | Tcheck | Ttotal | Status | Flags |
---|---|---|---|---|---|---|
r-devel-linux-x86_64-debian-clang | 1.1.46 | 86.93 | 131.10 | 218.03 | OK | |
r-devel-linux-x86_64-debian-gcc | 1.1.46 | 60.13 | 97.00 | 157.13 | OK | |
r-devel-linux-x86_64-fedora-clang | 1.1.46 | 284.76 | OK | |||
r-devel-linux-x86_64-fedora-gcc | 1.1.46 | 340.83 | OK | |||
r-devel-windows-x86_64 | 1.1.46 | 64.00 | 125.00 | 189.00 | OK | |
r-patched-linux-x86_64 | 1.1.46 | 61.84 | 128.06 | 189.90 | OK | |
r-release-linux-x86_64 | 1.1.46 | 64.15 | 129.56 | 193.71 | OK | |
r-release-macos-arm64 | 1.1.46 | 70.00 | NOTE | |||
r-release-windows-x86_64 | 1.1.46 | 63.00 | 120.00 | 183.00 | OK | |
r-oldrel-macos-arm64 | 1.1.46 | 69.00 | NOTE | |||
r-oldrel-macos-x86_64 | 1.1.46 | 135.00 | NOTE | |||
r-oldrel-windows-x86_64 | 1.1.46 | 80.00 | 153.00 | 233.00 | OK |
Version: 1.1.46
Check: installed package size
Result: NOTE
installed size is 10.1Mb
sub-directories of 1Mb or more:
libs 9.5Mb
Flavors: r-release-macos-arm64, r-oldrel-macos-arm64, r-oldrel-macos-x86_64