Last updated on 2024-04-26 09:51:54 CEST.
Flavor | Version | Tinstall | Tcheck | Ttotal | Status | Flags |
---|---|---|---|---|---|---|
r-devel-linux-x86_64-debian-clang | 4.0.5 | 17.93 | 222.30 | 240.23 | NOTE | |
r-devel-linux-x86_64-debian-gcc | 4.0.5 | 10.14 | 173.96 | 184.10 | NOTE | |
r-devel-linux-x86_64-fedora-clang | 4.0.5 | 301.13 | NOTE | |||
r-devel-linux-x86_64-fedora-gcc | 4.0.5 | 303.26 | NOTE | |||
r-devel-windows-x86_64 | 4.0.5 | 18.00 | 243.00 | 261.00 | NOTE | |
r-patched-linux-x86_64 | 4.0.5 | 17.14 | 222.31 | 239.45 | OK | |
r-release-linux-x86_64 | 4.0.5 | 13.88 | 219.26 | 233.14 | OK | |
r-release-macos-arm64 | 4.0.5 | 97.00 | OK | |||
r-release-windows-x86_64 | 4.0.5 | 19.00 | 235.00 | 254.00 | OK | |
r-oldrel-macos-arm64 | 4.0.5 | 89.00 | OK | |||
r-oldrel-macos-x86_64 | 4.0.5 | 148.00 | OK | |||
r-oldrel-windows-x86_64 | 4.0.5 | 17.00 | 275.00 | 292.00 | OK |
Version: 4.0.5
Check: compiled code
Result: NOTE
File ‘bit/libs/bit.so’:
Found non-API call to R: ‘SETLENGTH’
Compiled code should not call non-API entry points in R.
See ‘Writing portable packages’ in the ‘Writing R Extensions’ manual.
Flavors: r-devel-linux-x86_64-debian-clang, r-devel-linux-x86_64-debian-gcc, r-devel-linux-x86_64-fedora-clang, r-devel-linux-x86_64-fedora-gcc
Version: 4.0.5
Check: compiled code
Result: NOTE
File 'bit/libs/x64/bit.dll':
Found non-API call to R: 'SETLENGTH'
Compiled code should not call non-API entry points in R.
See 'Writing portable packages' in the 'Writing R Extensions' manual.
Flavor: r-devel-windows-x86_64