CRAN Package Check Results for Package biogram

Last updated on 2022-09-26 09:49:52 CEST.

Flavor Version Tinstall Tcheck Ttotal Status Flags
r-devel-linux-x86_64-debian-clang 1.6.3 5.89 82.20 88.09 OK
r-devel-linux-x86_64-debian-gcc 1.6.3 4.04 61.08 65.12 OK
r-devel-linux-x86_64-fedora-clang 1.6.3 115.40 NOTE
r-devel-linux-x86_64-fedora-gcc 1.6.3 115.20 OK
r-devel-windows-x86_64 1.6.3 31.00 122.00 153.00 OK
r-patched-linux-x86_64 1.6.3 4.68 73.72 78.40 OK
r-release-linux-x86_64 1.6.3 3.38 73.86 77.24 OK
r-release-macos-arm64 1.6.3 33.00 OK
r-release-macos-x86_64 1.6.3 48.00 OK
r-release-windows-x86_64 1.6.3 37.00 110.00 147.00 OK
r-oldrel-macos-arm64 1.6.3 40.00 OK
r-oldrel-macos-x86_64 1.6.3 55.00 OK
r-oldrel-windows-ix86+x86_64 1.6.3 11.00 104.00 115.00 OK

Check Details

Version: 1.6.3
Check: Rd cross-references
Result: NOTE
    Undeclared package ‘seqinr’ in Rd xrefs
Flavor: r-devel-linux-x86_64-fedora-clang