CRAN Package Check Results for Package bioassays

Last updated on 2020-08-06 09:48:50 CEST.

Flavor Version Tinstall Tcheck Ttotal Status Flags
r-devel-linux-x86_64-debian-clang 0.1.0 6.60 71.92 78.52 OK
r-devel-linux-x86_64-debian-gcc 0.1.0 5.29 52.65 57.94 OK
r-devel-linux-x86_64-fedora-clang 0.1.0 101.79 OK
r-devel-linux-x86_64-fedora-gcc 0.1.0 91.30 OK
r-devel-windows-ix86+x86_64 0.1.0 23.00 113.00 136.00 OK
r-patched-linux-x86_64 0.1.0 6.76 66.98 73.74 OK
r-patched-solaris-x86 0.1.0 131.50 OK
r-release-linux-x86_64 0.1.0 6.28 68.22 74.50 OK
r-release-macos-x86_64 0.1.0 OK
r-release-windows-ix86+x86_64 0.1.0 22.00 87.00 109.00 OK
r-oldrel-macos-x86_64 0.1.0 ERROR

Check Details

Version: 0.1.0
Check: whether package can be installed
Result: ERROR
    Installation failed.
Flavor: r-oldrel-macos-x86_64