CRAN Package Check Results for Package binGroup2

Last updated on 2022-09-29 09:55:26 CEST.

Flavor Version Tinstall Tcheck Ttotal Status Flags
r-devel-linux-x86_64-debian-clang 1.2.4 89.38 184.40 273.78 OK
r-devel-linux-x86_64-debian-gcc 1.2.4 69.46 130.39 199.85 OK
r-devel-linux-x86_64-fedora-clang 1.2.4 364.83 OK
r-devel-linux-x86_64-fedora-gcc 1.2.4 338.69 OK
r-devel-windows-x86_64 1.2.4 136.00 217.00 353.00 OK
r-patched-linux-x86_64 1.2.4 77.92 169.49 247.41 OK
r-release-linux-x86_64 1.2.4 70.33 171.58 241.91 OK
r-release-macos-arm64 1.2.4 99.00 NOTE
r-release-macos-x86_64 1.2.4 99.00 NOTE
r-release-windows-x86_64 1.2.4 103.00 205.00 308.00 OK
r-oldrel-macos-arm64 1.2.4 91.00 NOTE
r-oldrel-macos-x86_64 1.2.4 104.00 NOTE
r-oldrel-windows-ix86+x86_64 1.2.4 187.00 259.00 446.00 OK

Check Details

Version: 1.2.4
Check: installed package size
Result: NOTE
     installed size is 5.9Mb
     sub-directories of 1Mb or more:
     libs 4.9Mb
Flavors: r-release-macos-arm64, r-release-macos-x86_64, r-oldrel-macos-arm64, r-oldrel-macos-x86_64