Last updated on 2024-03-29 11:53:47 CET.
Flavor | Version | Tinstall | Tcheck | Ttotal | Status | Flags |
---|---|---|---|---|---|---|
r-devel-linux-x86_64-debian-clang | 1.12.2 | 297.97 | 271.33 | 569.30 | NOTE | |
r-devel-linux-x86_64-debian-gcc | 1.12.2 | 223.92 | 205.53 | 429.45 | NOTE | |
r-devel-linux-x86_64-fedora-clang | 1.12.2 | 839.25 | NOTE | |||
r-devel-linux-x86_64-fedora-gcc | 1.12.2 | 778.35 | NOTE | |||
r-devel-windows-x86_64 | 1.12.2 | 276.00 | 250.00 | 526.00 | NOTE | |
r-patched-linux-x86_64 | 1.12.2 | 196.53 | 264.14 | 460.67 | NOTE | |
r-release-linux-x86_64 | 1.12.2 | 203.25 | 268.22 | 471.47 | OK | |
r-release-macos-arm64 | 1.12.2 | 206.00 | NOTE | |||
r-release-macos-x86_64 | 1.12.2 | 327.00 | NOTE | |||
r-release-windows-x86_64 | 1.12.2 | 345.00 | 321.00 | 666.00 | OK | |
r-oldrel-macos-arm64 | 1.12.2 | 199.00 | NOTE | |||
r-oldrel-windows-x86_64 | 1.12.2 | 322.00 | 307.00 | 629.00 | OK |
Version: 1.12.2
Check: HTML version of manual
Result: NOTE
Found the following HTML validation problems:
snp_ldsc.html:134:1 (snp_ldsc.Rd:74): Warning: trimming empty <dt>
Flavors: r-devel-linux-x86_64-debian-clang, r-devel-linux-x86_64-debian-gcc, r-devel-linux-x86_64-fedora-clang, r-devel-linux-x86_64-fedora-gcc, r-devel-windows-x86_64, r-patched-linux-x86_64
Version: 1.12.2
Check: installed package size
Result: NOTE
installed size is 9.4Mb
sub-directories of 1Mb or more:
libs 8.0Mb
Flavors: r-release-macos-arm64, r-release-macos-x86_64, r-oldrel-macos-arm64
Version: 1.12.2
Check: package dependencies
Result: NOTE
Package suggested but not available for checking: ‘gaston’
Flavor: r-release-macos-x86_64