CRAN Package Check Results for Package bestSDP

Last updated on 2020-08-13 09:48:49 CEST.

Flavor Version Tinstall Tcheck Ttotal Status Flags
r-devel-linux-x86_64-debian-clang 0.1.2 0.26 2.33 2.59 ERROR
r-devel-linux-x86_64-debian-gcc 0.1.2 2.58 22.10 24.68 OK
r-devel-linux-x86_64-fedora-clang 0.1.2 46.12 NOTE
r-devel-linux-x86_64-fedora-gcc 0.1.2 37.80 NOTE
r-devel-windows-ix86+x86_64 0.1.2 25.00 43.00 68.00 OK
r-patched-linux-x86_64 0.1.2 3.22 27.85 31.07 OK
r-patched-solaris-x86 0.1.2 58.20 NOTE
r-release-linux-x86_64 0.1.2 0.34 2.45 2.79 ERROR
r-release-macos-x86_64 0.1.2 NOTE
r-release-windows-ix86+x86_64 0.1.2 16.00 62.00 78.00 OK
r-oldrel-macos-x86_64 0.1.2 NOTE
r-oldrel-windows-ix86+x86_64 0.1.2 9.00 40.00 49.00 OK

Check Details

Version: 0.1.2
Check: package dependencies
Result: ERROR
    Package required but not available: 'tidyr'
    
    See section 'The DESCRIPTION file' in the 'Writing R Extensions'
    manual.
Flavors: r-devel-linux-x86_64-debian-clang, r-release-linux-x86_64

Version: 0.1.2
Check: dependencies in R code
Result: NOTE
    Namespaces in Imports field not imported from:
     ‘DT’ ‘dplyr’ ‘ggplot2’ ‘readxl’ ‘rlist’ ‘shinyBS’ ‘shinyWidgets’
     ‘shinydashboard’ ‘shinyjs’ ‘shinythemes’ ‘stringr’ ‘tidyr’
     All declared Imports should be used.
Flavors: r-devel-linux-x86_64-fedora-clang, r-devel-linux-x86_64-fedora-gcc, r-patched-solaris-x86, r-release-macos-x86_64, r-oldrel-macos-x86_64