Last updated on 2022-06-25 09:53:38 CEST.
Flavor | Version | Tinstall | Tcheck | Ttotal | Status | Flags |
---|---|---|---|---|---|---|
r-devel-linux-x86_64-debian-clang | 2.4 | 749.99 | 258.02 | 1008.01 | NOTE | |
r-devel-linux-x86_64-debian-gcc | 2.4 | 698.59 | 215.95 | 914.54 | NOTE | |
r-devel-linux-x86_64-fedora-clang | 2.4 | 1428.38 | NOTE | |||
r-devel-linux-x86_64-fedora-gcc | 2.4 | 1534.00 | NOTE | |||
r-devel-windows-x86_64 | 2.4 | 463.00 | 346.00 | 809.00 | NOTE | |
r-patched-linux-x86_64 | 2.4 | 546.63 | 288.51 | 835.14 | NOTE | |
r-release-linux-x86_64 | 2.4 | 563.79 | 279.36 | 843.15 | NOTE | |
r-release-macos-arm64 | 2.4 | 346.00 | NOTE | |||
r-release-macos-x86_64 | 2.4 | 606.00 | NOTE | |||
r-release-windows-x86_64 | 2.4 | 471.00 | 342.00 | 813.00 | NOTE | |
r-oldrel-macos-arm64 | 2.4 | 417.00 | NOTE | |||
r-oldrel-macos-x86_64 | 2.4 | 771.00 | NOTE | |||
r-oldrel-windows-ix86+x86_64 | 2.4 | 1690.00 | 463.00 | 2153.00 | NOTE |
Version: 2.4
Check: for GNU extensions in Makefiles
Result: NOTE
GNU make is a SystemRequirements.
Flavors: r-devel-linux-x86_64-debian-clang, r-devel-linux-x86_64-debian-gcc, r-devel-linux-x86_64-fedora-clang, r-devel-linux-x86_64-fedora-gcc, r-devel-windows-x86_64, r-patched-linux-x86_64, r-release-linux-x86_64, r-release-macos-arm64, r-release-macos-x86_64, r-release-windows-x86_64, r-oldrel-macos-arm64, r-oldrel-macos-x86_64, r-oldrel-windows-ix86+x86_64
Version: 2.4
Check: installed package size
Result: NOTE
installed size is 72.1Mb
sub-directories of 1Mb or more:
libs 70.5Mb
Flavors: r-devel-linux-x86_64-fedora-clang, r-devel-windows-x86_64, r-release-macos-arm64, r-release-macos-x86_64, r-release-windows-x86_64, r-oldrel-macos-arm64, r-oldrel-macos-x86_64, r-oldrel-windows-ix86+x86_64
Version: 2.4
Check: dependencies in R code
Result: NOTE
Namespace in Imports field not imported from: ‘rstantools’
All declared Imports should be used.
Flavors: r-devel-linux-x86_64-fedora-clang, r-devel-linux-x86_64-fedora-gcc, r-release-macos-arm64, r-release-macos-x86_64, r-oldrel-macos-arm64, r-oldrel-macos-x86_64