CRAN Package Check Results for Package bcrm

Last updated on 2020-08-10 10:02:54 CEST.

Flavor Version Tinstall Tcheck Ttotal Status Flags
r-devel-linux-x86_64-debian-clang 0.5.4 6.99 51.08 58.07 OK
r-devel-linux-x86_64-debian-gcc 0.5.4 5.79 38.23 44.02 OK
r-devel-linux-x86_64-fedora-clang 0.5.4 76.13 NOTE
r-devel-linux-x86_64-fedora-gcc 0.5.4 67.12 NOTE
r-devel-windows-ix86+x86_64 0.5.4 16.00 89.00 105.00 OK
r-patched-linux-x86_64 0.5.4 6.49 49.32 55.81 OK
r-patched-solaris-x86 0.5.4 93.70 NOTE
r-release-linux-x86_64 0.5.4 7.85 48.77 56.62 OK
r-release-macos-x86_64 0.5.4 NOTE
r-release-windows-ix86+x86_64 0.5.4 24.00 82.00 106.00 OK
r-oldrel-macos-x86_64 0.5.4 NOTE
r-oldrel-windows-ix86+x86_64 0.5.4 12.00 54.00 66.00 OK

Check Details

Version: 0.5.4
Check: dependencies in R code
Result: NOTE
    Namespaces in Imports field not imported from:
     ‘knitr’ ‘rlang’
     All declared Imports should be used.
Flavors: r-devel-linux-x86_64-fedora-clang, r-devel-linux-x86_64-fedora-gcc, r-patched-solaris-x86, r-release-macos-x86_64, r-oldrel-macos-x86_64

Version: 0.5.4
Check: package dependencies
Result: NOTE
    Package suggested but not available for checking: ‘BRugs’
Flavors: r-patched-solaris-x86, r-release-macos-x86_64, r-oldrel-macos-x86_64