CRAN Package Check Results for Package batata

Last updated on 2022-09-25 09:51:33 CEST.

Flavor Version Tinstall Tcheck Ttotal Status Flags
r-devel-linux-x86_64-debian-clang 0.2.1 2.66 29.50 32.16 NOTE
r-devel-linux-x86_64-debian-gcc 0.2.1 2.19 22.76 24.95 NOTE
r-devel-linux-x86_64-fedora-clang 0.2.1 49.93 NOTE
r-devel-linux-x86_64-fedora-gcc 0.2.1 52.85 NOTE
r-devel-windows-x86_64 0.2.1 14.00 62.00 76.00 NOTE
r-patched-linux-x86_64 0.2.1 2.23 28.40 30.63 NOTE
r-release-linux-x86_64 0.2.1 2.57 27.73 30.30 NOTE
r-release-macos-arm64 0.2.1 18.00 NOTE
r-release-macos-x86_64 0.2.1 30.00 NOTE
r-release-windows-x86_64 0.2.1 17.00 59.00 76.00 NOTE
r-oldrel-macos-arm64 0.2.1 23.00 NOTE
r-oldrel-macos-x86_64 0.2.1 35.00 NOTE
r-oldrel-windows-ix86+x86_64 0.2.1 7.00 60.00 67.00 NOTE

Check Details

Version: 0.2.1
Check: LazyData
Result: NOTE
     'LazyData' is specified without a 'data' directory
Flavors: r-devel-linux-x86_64-debian-clang, r-devel-linux-x86_64-debian-gcc, r-devel-linux-x86_64-fedora-clang, r-devel-linux-x86_64-fedora-gcc, r-devel-windows-x86_64, r-patched-linux-x86_64, r-release-linux-x86_64, r-release-macos-arm64, r-release-macos-x86_64, r-release-windows-x86_64, r-oldrel-macos-arm64, r-oldrel-macos-x86_64, r-oldrel-windows-ix86+x86_64