Last updated on 2022-07-02 10:49:23 CEST.
Flavor | Version | Tinstall | Tcheck | Ttotal | Status | Flags |
---|---|---|---|---|---|---|
r-devel-linux-x86_64-debian-clang | 1.0 | 291.59 | 70.29 | 361.88 | OK | |
r-devel-linux-x86_64-debian-gcc | 1.0 | 171.62 | 52.29 | 223.91 | OK | |
r-devel-linux-x86_64-fedora-clang | 1.0 | 552.48 | NOTE | |||
r-devel-linux-x86_64-fedora-gcc | 1.0 | 378.05 | NOTE | |||
r-devel-windows-x86_64 | 1.0 | 222.00 | 135.00 | 357.00 | OK | |
r-patched-linux-x86_64 | 1.0 | 182.66 | 66.37 | 249.03 | OK | |
r-release-linux-x86_64 | 1.0 | 181.87 | 67.15 | 249.02 | OK | |
r-release-macos-arm64 | 1.0 | 94.00 | NOTE | |||
r-release-macos-x86_64 | 1.0 | 149.00 | NOTE | |||
r-release-windows-x86_64 | 1.0 | 155.00 | 142.00 | 297.00 | OK | |
r-oldrel-macos-arm64 | 1.0 | 114.00 | NOTE | |||
r-oldrel-macos-x86_64 | 1.0 | 202.00 | NOTE | |||
r-oldrel-windows-ix86+x86_64 | 1.0 | 408.00 | 167.00 | 575.00 | NOTE |
Version: 1.0
Check: installed package size
Result: NOTE
installed size is 20.3Mb
sub-directories of 1Mb or more:
libs 20.1Mb
Flavors: r-devel-linux-x86_64-fedora-clang, r-release-macos-arm64, r-release-macos-x86_64, r-oldrel-macos-arm64, r-oldrel-macos-x86_64, r-oldrel-windows-ix86+x86_64
Version: 1.0
Check: dependencies in R code
Result: NOTE
Namespace in Imports field not imported from: ‘mvnfast’
All declared Imports should be used.
Flavors: r-devel-linux-x86_64-fedora-clang, r-devel-linux-x86_64-fedora-gcc, r-release-macos-arm64, r-release-macos-x86_64, r-oldrel-macos-arm64, r-oldrel-macos-x86_64