CRAN Package Check Results for Package banter

Last updated on 2020-08-13 09:48:48 CEST.

Flavor Version Tinstall Tcheck Ttotal Status Flags
r-devel-linux-x86_64-debian-clang 0.9.3 0.47 2.38 2.85 ERROR
r-devel-linux-x86_64-debian-gcc 0.9.3 5.54 42.89 48.43 OK
r-devel-linux-x86_64-fedora-clang 0.9.3 83.00 NOTE
r-devel-linux-x86_64-fedora-gcc 0.9.3 74.73 NOTE
r-devel-windows-ix86+x86_64 0.9.3 28.00 62.00 90.00 OK
r-patched-linux-x86_64 0.9.3 4.36 56.12 60.48 OK
r-patched-solaris-x86 0.9.3 106.70 NOTE
r-release-linux-x86_64 0.9.3 0.33 2.27 2.60 ERROR
r-release-macos-x86_64 0.9.3 NOTE
r-release-windows-ix86+x86_64 0.9.3 26.00 104.00 130.00 OK
r-oldrel-macos-x86_64 0.9.3 NOTE
r-oldrel-windows-ix86+x86_64 0.9.3 10.00 73.00 83.00 OK

Check Details

Version: 0.9.3
Check: package dependencies
Result: ERROR
    Packages required but not available: 'rfPermute', 'tidyr'
    
    See section 'The DESCRIPTION file' in the 'Writing R Extensions'
    manual.
Flavors: r-devel-linux-x86_64-debian-clang, r-release-linux-x86_64

Version: 0.9.3
Check: dependencies in R code
Result: NOTE
    Namespace in Imports field not imported from: ‘ranger’
     All declared Imports should be used.
Flavors: r-devel-linux-x86_64-fedora-clang, r-devel-linux-x86_64-fedora-gcc, r-patched-solaris-x86, r-release-macos-x86_64, r-oldrel-macos-x86_64