Last updated on 2023-01-27 10:50:11 CET.
Flavor | Version | Tinstall | Tcheck | Ttotal | Status | Flags |
---|---|---|---|---|---|---|
r-devel-linux-x86_64-debian-clang | 1.1-9 | 65.39 | 425.62 | 491.01 | OK | |
r-devel-linux-x86_64-debian-gcc | 1.1-9 | 68.00 | 300.40 | 368.40 | OK | |
r-devel-linux-x86_64-fedora-clang | 1.1-9 | 675.33 | NOTE | |||
r-devel-linux-x86_64-fedora-gcc | 1.1-9 | 672.87 | OK | |||
r-devel-windows-x86_64 | 1.1-9 | 136.00 | 419.00 | 555.00 | NOTE | |
r-patched-linux-x86_64 | 1.1-9 | 78.96 | 392.78 | 471.74 | OK | |
r-release-linux-x86_64 | 1.1-9 | 74.43 | 393.92 | 468.35 | OK | |
r-release-macos-arm64 | 1.1-9 | 129.00 | NOTE | |||
r-release-macos-x86_64 | 1.1-9 | 170.00 | NOTE | |||
r-release-windows-x86_64 | 1.1-9 | 163.00 | 434.00 | 597.00 | NOTE | |
r-oldrel-macos-arm64 | 1.1-9 | 130.00 | NOTE | |||
r-oldrel-macos-x86_64 | 1.1-9 | 170.00 | NOTE | |||
r-oldrel-windows-ix86+x86_64 | 1.1-9 | 130.00 | 473.00 | 603.00 | NOTE |
Version: 1.1-9
Check: installed package size
Result: NOTE
installed size is 6.1Mb
sub-directories of 1Mb or more:
R 2.5Mb
data 1.3Mb
doc 1.8Mb
Flavors: r-devel-linux-x86_64-fedora-clang, r-devel-windows-x86_64, r-release-macos-arm64, r-release-macos-x86_64, r-release-windows-x86_64, r-oldrel-macos-arm64, r-oldrel-macos-x86_64, r-oldrel-windows-ix86+x86_64
Version: 1.1-9
Check: Rd cross-references
Result: NOTE
Undeclared package ‘akima’ in Rd xrefs
Flavor: r-devel-linux-x86_64-fedora-clang