Last updated on 2023-01-28 10:51:21 CET.
Flavor | Version | Tinstall | Tcheck | Ttotal | Status | Flags |
---|---|---|---|---|---|---|
r-devel-linux-x86_64-debian-clang | 1.0.6 | 9.92 | 129.58 | 139.50 | OK | |
r-devel-linux-x86_64-debian-gcc | 1.0.6 | 7.22 | 93.44 | 100.66 | OK | |
r-devel-linux-x86_64-fedora-clang | 1.0.6 | 166.61 | NOTE | |||
r-devel-linux-x86_64-fedora-gcc | 1.0.6 | 177.02 | OK | |||
r-devel-windows-x86_64 | 1.0.6 | 24.00 | 159.00 | 183.00 | OK | |
r-patched-linux-x86_64 | 1.0.6 | 14.77 | 121.01 | 135.78 | OK | |
r-release-linux-x86_64 | 1.0.6 | 9.30 | 123.85 | 133.15 | OK | |
r-release-macos-arm64 | 1.0.6 | 71.00 | OK | |||
r-release-macos-x86_64 | 1.0.6 | 772.00 | OK | |||
r-release-windows-x86_64 | 1.0.6 | 23.00 | 178.00 | 201.00 | OK | |
r-oldrel-macos-arm64 | 1.0.6 | 62.00 | OK | |||
r-oldrel-macos-x86_64 | 1.0.6 | 84.00 | OK | |||
r-oldrel-windows-ix86+x86_64 | 1.0.6 | 20.00 | 167.00 | 187.00 | OK |
Version: 1.0.6
Check: Rd cross-references
Result: NOTE
Undeclared package ‘Rraven’ in Rd xrefs
Flavor: r-devel-linux-x86_64-fedora-clang