CRAN Package Check Results for Package av

Last updated on 2022-12-09 10:00:16 CET.

Flavor Version Tinstall Tcheck Ttotal Status Flags
r-devel-linux-x86_64-debian-clang 0.8.2 4.76 72.62 77.38 OK
r-devel-linux-x86_64-debian-gcc 0.8.2 4.27 58.01 62.28 OK
r-devel-linux-x86_64-fedora-clang 0.8.2 116.31 OK
r-devel-linux-x86_64-fedora-gcc 0.8.2 113.25 OK
r-devel-windows-x86_64 0.8.2 49.00 222.00 271.00 NOTE
r-patched-linux-x86_64 0.8.2 5.74 69.80 75.54 OK
r-release-linux-x86_64 0.8.2 4.91 72.37 77.28 OK
r-release-macos-arm64 0.8.2 38.00 NOTE
r-release-macos-x86_64 0.8.2 51.00 NOTE
r-release-windows-x86_64 0.8.2 46.00 212.00 258.00 NOTE
r-oldrel-macos-arm64 0.8.2 36.00 NOTE
r-oldrel-macos-x86_64 0.8.2 54.00 NOTE
r-oldrel-windows-ix86+x86_64 0.8.2 46.00 317.00 363.00 NOTE

Check Details

Version: 0.8.2
Check: installed package size
Result: NOTE
     installed size is 28.6Mb
     sub-directories of 1Mb or more:
     libs 27.8Mb
Flavors: r-devel-windows-x86_64, r-release-macos-arm64, r-release-macos-x86_64, r-release-windows-x86_64, r-oldrel-macos-arm64, r-oldrel-macos-x86_64, r-oldrel-windows-ix86+x86_64