Last updated on 2024-08-31 10:50:10 CEST.
Flavor | Version | Tinstall | Tcheck | Ttotal | Status | Flags |
---|---|---|---|---|---|---|
r-devel-linux-x86_64-debian-clang | 0.0.8 | 3.14 | 44.09 | 47.23 | OK | |
r-devel-linux-x86_64-debian-gcc | 0.0.8 | 2.24 | 33.64 | 35.88 | OK | |
r-devel-linux-x86_64-fedora-clang | 0.0.8 | 80.52 | OK | |||
r-devel-linux-x86_64-fedora-gcc | 0.0.8 | 92.12 | OK | |||
r-devel-windows-x86_64 | 0.0.8 | 5.00 | 71.00 | 76.00 | OK | |
r-patched-linux-x86_64 | 0.0.8 | 3.17 | 41.98 | 45.15 | OK | |
r-release-linux-x86_64 | 0.0.8 | 2.31 | 42.19 | 44.50 | OK | |
r-release-macos-arm64 | 0.0.8 | 29.00 | ERROR | |||
r-release-macos-x86_64 | 0.0.8 | 61.00 | ERROR | |||
r-release-windows-x86_64 | 0.0.8 | 4.00 | 76.00 | 80.00 | OK | |
r-oldrel-macos-arm64 | 0.0.8 | 32.00 | ERROR | |||
r-oldrel-macos-x86_64 | 0.0.8 | 56.00 | ERROR | |||
r-oldrel-windows-x86_64 | 0.0.8 | 6.00 | 75.00 | 81.00 | OK |
Version: 0.0.8
Check: tests
Result: ERROR
Running ‘testthat.R’ [1s/3s]
Running the tests in ‘tests/testthat.R’ failed.
Last 13 lines of output:
Error in `find_quarto()`: Quarto command-line tools path not found!
Please make sure you have installed and added Quarto to your PATH or set the
QUARTO_PATH environment variable.
Backtrace:
▆
1. └─an$write(force = TRUE) at test-autonewsmd.R:83:3
2. └─autonewsmd:::write_autonewsmd(self, private, force, con)
3. └─quarto::quarto_render(input = template_file, output_format = "md")
4. └─quarto:::find_quarto()
5. └─cli::cli_abort(quarto_not_found_msg)
6. └─rlang::abort(...)
[ FAIL 1 | WARN 0 | SKIP 1 | PASS 7 ]
Error: Test failures
Execution halted
Flavors: r-release-macos-arm64, r-oldrel-macos-arm64, r-oldrel-macos-x86_64
Version: 0.0.8
Check: tests
Result: ERROR
Running ‘testthat.R’ [1s/5s]
Running the tests in ‘tests/testthat.R’ failed.
Last 13 lines of output:
Error in `find_quarto()`: Quarto command-line tools path not found!
Please make sure you have installed and added Quarto to your PATH or set the
QUARTO_PATH environment variable.
Backtrace:
▆
1. └─an$write(force = TRUE) at test-autonewsmd.R:83:3
2. └─autonewsmd:::write_autonewsmd(self, private, force, con)
3. └─quarto::quarto_render(input = template_file, output_format = "md")
4. └─quarto:::find_quarto()
5. └─cli::cli_abort(quarto_not_found_msg)
6. └─rlang::abort(...)
[ FAIL 1 | WARN 0 | SKIP 1 | PASS 7 ]
Error: Test failures
Execution halted
Flavor: r-release-macos-x86_64
Version: 0.0.8
Check: running R code from vignettes
Result: ERROR
Errors in running code in vignettes:
when running code in ‘autonewsmd.Rmd’
...
> an$write(force = TRUE)
When sourcing ‘autonewsmd.R’:
Error: Quarto command-line tools path not found!
Please make sure you have installed and added Quarto to your PATH or set the
QUARTO_PATH environment variable.
Execution halted
‘autonewsmd.Rmd’ using ‘UTF-8’... failed
Flavors: r-oldrel-macos-arm64, r-oldrel-macos-x86_64