Last updated on 2022-05-22 09:52:11 CEST.
Flavor | Version | Tinstall | Tcheck | Ttotal | Status | Flags |
---|---|---|---|---|---|---|
r-devel-linux-x86_64-debian-clang | 0.1.0 | 18.09 | 147.99 | 166.08 | OK | |
r-devel-linux-x86_64-debian-gcc | 0.1.0 | 13.85 | 109.73 | 123.58 | OK | |
r-devel-linux-x86_64-fedora-clang | 0.1.0 | 199.27 | NOTE | |||
r-devel-linux-x86_64-fedora-gcc | 0.1.0 | 198.97 | NOTE | |||
r-devel-windows-x86_64 | 0.1.0 | 24.00 | 159.00 | 183.00 | OK | |
r-patched-linux-x86_64 | 0.1.0 | 16.09 | 138.26 | 154.35 | OK | |
r-release-linux-x86_64 | 0.1.0 | 14.95 | 137.68 | 152.63 | OK | |
r-release-macos-arm64 | 0.1.0 | 62.00 | NOTE | |||
r-release-macos-x86_64 | 0.1.0 | 74.00 | NOTE | |||
r-release-windows-x86_64 | 0.1.0 | 24.00 | 163.00 | 187.00 | OK | |
r-oldrel-macos-arm64 | 0.1.0 | 51.00 | NOTE | |||
r-oldrel-macos-x86_64 | 0.1.0 | 73.00 | NOTE | |||
r-oldrel-windows-ix86+x86_64 | 0.1.0 | 37.00 | 151.00 | 188.00 | OK |
Version: 0.1.0
Check: dependencies in R code
Result: NOTE
Namespaces in Imports field not imported from:
‘Hmisc’ ‘broom’ ‘tibble’ ‘usethis’
All declared Imports should be used.
Flavors: r-devel-linux-x86_64-fedora-clang, r-devel-linux-x86_64-fedora-gcc, r-release-macos-arm64, r-release-macos-x86_64, r-oldrel-macos-arm64, r-oldrel-macos-x86_64