CRAN Package Check Results for Package autoMrP

Last updated on 2022-05-21 10:50:08 CEST.

Flavor Version Tinstall Tcheck Ttotal Status Flags
r-devel-linux-x86_64-debian-clang 1.0.2 10.81 91.25 102.06 OK
r-devel-linux-x86_64-debian-gcc 1.0.2 7.07 66.59 73.66 OK
r-devel-linux-x86_64-fedora-clang 1.0.2 122.62 NOTE
r-devel-linux-x86_64-fedora-gcc 1.0.2 123.64 NOTE
r-devel-windows-x86_64 1.0.2 35.00 109.00 144.00 OK
r-patched-linux-x86_64 1.0.2 9.91 86.36 96.27 OK
r-release-linux-x86_64 1.0.2 9.89 86.14 96.03 OK
r-release-macos-arm64 1.0.2 35.00 NOTE
r-release-macos-x86_64 1.0.2 60.00 NOTE
r-release-windows-x86_64 1.0.2 42.00 106.00 148.00 OK
r-oldrel-macos-arm64 1.0.2 35.00 NOTE
r-oldrel-macos-x86_64 1.0.2 43.00 NOTE
r-oldrel-windows-ix86+x86_64 1.0.2 22.00 98.00 120.00 OK

Additional issues

donttest

Check Details

Version: 1.0.2
Check: dependencies in R code
Result: NOTE
    Namespace in Imports field not imported from: ‘R.rsp’
     All declared Imports should be used.
Flavors: r-devel-linux-x86_64-fedora-clang, r-devel-linux-x86_64-fedora-gcc, r-release-macos-arm64, r-release-macos-x86_64, r-oldrel-macos-arm64, r-oldrel-macos-x86_64