CRAN Package Check Results for Package audubon

Last updated on 2022-09-26 09:49:51 CEST.

Flavor Version Tinstall Tcheck Ttotal Status Flags
r-devel-linux-x86_64-debian-clang 0.3.0 4.80 46.70 51.50 OK
r-devel-linux-x86_64-debian-gcc 0.3.0 3.72 36.38 40.10 OK
r-devel-linux-x86_64-fedora-clang 0.3.0 71.26 NOTE
r-devel-linux-x86_64-fedora-gcc 0.3.0 74.94 NOTE
r-devel-windows-x86_64 0.3.0 19.00 78.00 97.00 OK
r-patched-linux-x86_64 0.3.0 4.81 46.13 50.94 OK
r-release-linux-x86_64 0.3.0 3.20 45.54 48.74 OK
r-release-macos-arm64 0.3.0 23.00 NOTE
r-release-macos-x86_64 0.3.0 32.00 NOTE
r-release-windows-x86_64 0.3.0 25.00 74.00 99.00 OK
r-oldrel-macos-arm64 0.3.0 23.00 NOTE
r-oldrel-macos-x86_64 0.3.0 33.00 NOTE
r-oldrel-windows-ix86+x86_64 0.3.0 14.00 81.00 95.00 OK

Check Details

Version: 0.3.0
Check: data for non-ASCII characters
Result: NOTE
     Note: found 899 marked UTF-8 strings
Flavors: r-devel-linux-x86_64-fedora-clang, r-devel-linux-x86_64-fedora-gcc, r-release-macos-arm64, r-release-macos-x86_64, r-oldrel-macos-arm64, r-oldrel-macos-x86_64