CRAN Package Check Results for Package askpass

Last updated on 2022-12-09 10:00:16 CET.

Flavor Version Tinstall Tcheck Ttotal Status Flags
r-devel-linux-x86_64-debian-clang 1.1 2.33 22.54 24.87 NOTE
r-devel-linux-x86_64-debian-gcc 1.1 1.75 17.92 19.67 NOTE
r-devel-linux-x86_64-fedora-clang 1.1 42.34 NOTE
r-devel-linux-x86_64-fedora-gcc 1.1 40.87 NOTE
r-devel-windows-x86_64 1.1 14.00 50.00 64.00 NOTE
r-patched-linux-x86_64 1.1 2.70 21.93 24.63 NOTE
r-release-linux-x86_64 1.1 2.13 22.19 24.32 NOTE
r-release-macos-arm64 1.1 16.00 NOTE
r-release-macos-x86_64 1.1 22.00 NOTE
r-release-windows-x86_64 1.1 46.00 53.00 99.00 NOTE
r-oldrel-macos-arm64 1.1 20.00 NOTE
r-oldrel-macos-x86_64 1.1 27.00 NOTE
r-oldrel-windows-ix86+x86_64 1.1 12.00 57.00 69.00 NOTE

Check Details

Version: 1.1
Check: LazyData
Result: NOTE
     'LazyData' is specified without a 'data' directory
Flavors: r-devel-linux-x86_64-debian-clang, r-devel-linux-x86_64-debian-gcc, r-devel-linux-x86_64-fedora-clang, r-devel-linux-x86_64-fedora-gcc, r-devel-windows-x86_64, r-patched-linux-x86_64, r-release-linux-x86_64, r-release-macos-arm64, r-release-macos-x86_64, r-release-windows-x86_64, r-oldrel-macos-arm64, r-oldrel-macos-x86_64, r-oldrel-windows-ix86+x86_64