CRAN Package Check Results for Package asdreader

Last updated on 2021-10-21 09:54:43 CEST.

Flavor Version Tinstall Tcheck Ttotal Status Flags
r-devel-linux-x86_64-debian-clang 0.1-3 2.18 19.19 21.37 NOTE
r-devel-linux-x86_64-debian-gcc 0.1-3 1.59 15.50 17.09 NOTE
r-devel-linux-x86_64-fedora-clang 0.1-3 37.73 NOTE
r-devel-linux-x86_64-fedora-gcc 0.1-3 27.27 NOTE
r-devel-windows-x86_64 0.1-3 4.00 32.00 36.00 NOTE
r-devel-windows-x86_64-gcc10-UCRT 0.1-3 NOTE
r-patched-linux-x86_64 0.1-3 2.06 19.08 21.14 NOTE
r-patched-solaris-x86 0.1-3 43.10 NOTE
r-release-linux-x86_64 0.1-3 1.95 18.76 20.71 NOTE
r-release-macos-arm64 0.1-3 NOTE
r-release-macos-x86_64 0.1-3 NOTE
r-release-windows-ix86+x86_64 0.1-3 5.00 32.00 37.00 NOTE
r-oldrel-macos-x86_64 0.1-3 OK
r-oldrel-windows-ix86+x86_64 0.1-3 5.00 30.00 35.00 OK

Check Details

Version: 0.1-3
Check: LazyData
Result: NOTE
     'LazyData' is specified without a 'data' directory
Flavors: r-devel-linux-x86_64-debian-clang, r-devel-linux-x86_64-debian-gcc, r-devel-linux-x86_64-fedora-clang, r-devel-linux-x86_64-fedora-gcc, r-devel-windows-x86_64, r-devel-windows-x86_64-gcc10-UCRT, r-patched-linux-x86_64, r-patched-solaris-x86, r-release-linux-x86_64, r-release-macos-arm64, r-release-macos-x86_64, r-release-windows-ix86+x86_64