CRAN Package Check Results for Package arulesViz

Last updated on 2020-08-08 09:48:28 CEST.

Flavor Version Tinstall Tcheck Ttotal Status Flags
r-devel-linux-x86_64-debian-clang 1.3-3 14.47 137.97 152.44 OK
r-devel-linux-x86_64-debian-gcc 1.3-3 12.99 103.35 116.34 OK
r-devel-linux-x86_64-fedora-clang 1.3-3 187.38 OK
r-devel-linux-x86_64-fedora-gcc 1.3-3 178.76 OK
r-devel-windows-ix86+x86_64 1.3-3 39.00 203.00 242.00 OK
r-patched-linux-x86_64 1.3-3 14.17 134.22 148.39 OK
r-patched-solaris-x86 1.3-3 247.60 OK
r-release-linux-x86_64 1.3-3 15.05 133.93 148.98 OK
r-release-macos-x86_64 1.3-3 OK
r-release-windows-ix86+x86_64 1.3-3 34.00 158.00 192.00 OK
r-oldrel-macos-x86_64 1.3-3 NOTE
r-oldrel-windows-ix86+x86_64 1.3-3 24.00 127.00 151.00 OK

Check Details

Version: 1.3-3
Check: package dependencies
Result: NOTE
    Packages suggested but not available for checking: 'graph', 'Rgraphviz'
Flavor: r-oldrel-macos-x86_64