CRAN Package Check Results for Package arm

Last updated on 2020-08-09 09:46:37 CEST.

Flavor Version Tinstall Tcheck Ttotal Status Flags
r-devel-linux-x86_64-debian-clang 1.11-2 16.11 123.11 139.22 OK
r-devel-linux-x86_64-debian-gcc 1.11-2 13.18 90.03 103.21 OK
r-devel-linux-x86_64-fedora-clang 1.11-2 173.50 NOTE
r-devel-linux-x86_64-fedora-gcc 1.11-2 162.05 OK
r-devel-windows-ix86+x86_64 1.11-2 42.00 179.00 221.00 OK
r-patched-linux-x86_64 1.11-2 15.78 117.33 133.11 OK
r-patched-solaris-x86 1.11-2 229.20 OK
r-release-linux-x86_64 1.11-2 14.04 117.15 131.19 OK
r-release-macos-x86_64 1.11-2 OK
r-release-windows-ix86+x86_64 1.11-2 53.00 178.00 231.00 OK
r-oldrel-macos-x86_64 1.11-2 OK
r-oldrel-windows-ix86+x86_64 1.11-2 27.00 118.00 145.00 OK

Check Details

Version: 1.11-2
Check: Rd cross-references
Result: NOTE
    Undeclared packages ‘survey’, ‘Matching’ in Rd xrefs
Flavor: r-devel-linux-x86_64-fedora-clang