CRAN Package Check Results for Package arena2r

Last updated on 2020-08-06 09:48:49 CEST.

Flavor Version Tinstall Tcheck Ttotal Status Flags
r-devel-linux-x86_64-debian-clang 1.0.0 2.41 33.72 36.13 OK
r-devel-linux-x86_64-debian-gcc 1.0.0 2.12 26.28 28.40 OK
r-devel-linux-x86_64-fedora-clang 1.0.0 50.58 NOTE
r-devel-linux-x86_64-fedora-gcc 1.0.0 48.01 NOTE
r-devel-windows-ix86+x86_64 1.0.0 16.00 65.00 81.00 OK
r-patched-linux-x86_64 1.0.0 2.69 32.69 35.38 OK
r-patched-solaris-x86 1.0.0 65.00 NOTE
r-release-linux-x86_64 1.0.0 2.51 32.89 35.40 OK
r-release-macos-x86_64 1.0.0 NOTE
r-release-windows-ix86+x86_64 1.0.0 14.00 49.00 63.00 OK
r-oldrel-macos-x86_64 1.0.0 NOTE
r-oldrel-windows-ix86+x86_64 1.0.0 7.00 42.00 49.00 OK

Check Details

Version: 1.0.0
Check: dependencies in R code
Result: NOTE
    Namespaces in Imports field not imported from:
     ‘purrr’ ‘shinyBS’ ‘shinydashboard’ ‘shinyjs’
     All declared Imports should be used.
Flavors: r-devel-linux-x86_64-fedora-clang, r-devel-linux-x86_64-fedora-gcc, r-patched-solaris-x86, r-release-macos-x86_64, r-oldrel-macos-x86_64