Last updated on 2024-04-26 09:51:53 CEST.
Flavor | Version | Tinstall | Tcheck | Ttotal | Status | Flags |
---|---|---|---|---|---|---|
r-devel-linux-x86_64-debian-clang | 0.2.6 | 6.59 | 69.73 | 76.32 | NOTE | |
r-devel-linux-x86_64-debian-gcc | 0.2.6 | 6.44 | 51.48 | 57.92 | NOTE | |
r-devel-linux-x86_64-fedora-clang | 0.2.6 | 97.35 | NOTE | |||
r-devel-linux-x86_64-fedora-gcc | 0.2.6 | 105.64 | NOTE | |||
r-devel-windows-x86_64 | 0.2.6 | 8.00 | 69.00 | 77.00 | NOTE | |
r-patched-linux-x86_64 | 0.2.6 | 11.56 | 66.54 | 78.10 | NOTE | |
r-release-linux-x86_64 | 0.2.6 | 7.53 | 63.98 | 71.51 | NOTE | |
r-release-macos-arm64 | 0.2.6 | 35.00 | NOTE | |||
r-release-windows-x86_64 | 0.2.6 | 7.00 | 67.00 | 74.00 | NOTE | |
r-oldrel-macos-arm64 | 0.2.6 | 34.00 | NOTE | |||
r-oldrel-macos-x86_64 | 0.2.6 | 58.00 | NOTE | |||
r-oldrel-windows-x86_64 | 0.2.6 | 10.00 | 79.00 | 89.00 | NOTE |
Version: 0.2.6
Check: LazyData
Result: NOTE
'LazyData' is specified without a 'data' directory
Flavors: r-devel-linux-x86_64-debian-clang, r-devel-linux-x86_64-debian-gcc, r-devel-linux-x86_64-fedora-clang, r-devel-linux-x86_64-fedora-gcc, r-devel-windows-x86_64, r-patched-linux-x86_64, r-release-linux-x86_64, r-release-macos-arm64, r-release-windows-x86_64, r-oldrel-macos-arm64, r-oldrel-macos-x86_64, r-oldrel-windows-x86_64