Last updated on 2024-04-23 10:53:56 CEST.
Flavor | Version | Tinstall | Tcheck | Ttotal | Status | Flags |
---|---|---|---|---|---|---|
r-devel-linux-x86_64-debian-clang | 2.6.2 | 29.25 | 231.79 | 261.04 | OK | |
r-devel-linux-x86_64-debian-gcc | 2.6.2 | 19.86 | 164.69 | 184.55 | OK | |
r-devel-linux-x86_64-fedora-clang | 2.6.2 | 313.21 | NOTE | |||
r-devel-linux-x86_64-fedora-gcc | 2.6.2 | 337.70 | OK | |||
r-prerel-macos-arm64 | 2.6.2 | 90.00 | NOTE | |||
r-prerel-macos-x86_64 | 2.6.2 | 256.00 | NOTE | |||
r-prerel-windows-x86_64 | 2.6.2 | 21.00 | 186.00 | 207.00 | NOTE | |
r-patched-linux-x86_64 | 2.6.2 | 23.45 | 213.91 | 237.36 | OK | |
r-release-linux-x86_64 | 2.6.2 | 21.22 | 221.34 | 242.56 | OK | |
r-release-macos-arm64 | 2.6.2 | 100.00 | NOTE | |||
r-release-macos-x86_64 | 2.6.2 | 223.00 | NOTE | |||
r-release-windows-x86_64 | 2.6.2 | 27.00 | 230.00 | 257.00 | NOTE | |
r-oldrel-macos-arm64 | 2.6.2 | 103.00 | NOTE | |||
r-oldrel-windows-x86_64 | 2.6.2 | 29.00 | 217.00 | 246.00 | NOTE |
Version: 2.6.2
Check: installed package size
Result: NOTE
installed size is 6.9Mb
sub-directories of 1Mb or more:
extdata 5.4Mb
Flavors: r-devel-linux-x86_64-fedora-clang, r-prerel-macos-arm64, r-prerel-macos-x86_64, r-prerel-windows-x86_64, r-release-macos-arm64, r-release-macos-x86_64, r-release-windows-x86_64, r-oldrel-macos-arm64, r-oldrel-windows-x86_64