CRAN Package Check Results for Package apollo

Last updated on 2020-09-28 10:50:30 CEST.

Flavor Version Tinstall Tcheck Ttotal Status Flags
r-devel-linux-x86_64-debian-clang 0.1.0 61.53 160.25 221.78 NOTE
r-devel-linux-x86_64-debian-gcc 0.1.0 49.32 121.93 171.25 NOTE
r-devel-linux-x86_64-fedora-clang 0.1.0 283.79 OK
r-devel-linux-x86_64-fedora-gcc 0.1.0 274.50 OK
r-devel-windows-ix86+x86_64 0.1.0 137.00 230.00 367.00 OK
r-patched-linux-x86_64 0.1.0 54.23 149.77 204.00 NOTE
r-patched-solaris-x86 0.1.0 350.80 OK
r-release-linux-x86_64 0.1.0 53.09 151.30 204.39 NOTE
r-release-macos-x86_64 0.1.0 OK
r-release-windows-ix86+x86_64 0.1.0 138.00 198.00 336.00 OK
r-oldrel-macos-x86_64 0.1.0 OK
r-oldrel-windows-ix86+x86_64 0.1.0 118.00 208.00 326.00 OK

Check Details

Version: 0.1.0
Check: R code for possible problems
Result: NOTE
    Found the following calls to attach():
    File 'apollo/R/apollo_attach.R':
     attach(as.list(apollo_beta))
     attach(database)
     attach(draws)
     attach(randcoeff)
     attach(lcpars)
    See section 'Good practice' in '?attach'.
Flavors: r-devel-linux-x86_64-debian-clang, r-devel-linux-x86_64-debian-gcc, r-patched-linux-x86_64, r-release-linux-x86_64