CRAN Package Check Results for Package apex

Last updated on 2023-04-01 10:49:55 CEST.

Flavor Version Tinstall Tcheck Ttotal Status Flags
r-devel-linux-x86_64-debian-clang 1.0.4 20.89 160.44 181.33 NOTE
r-devel-linux-x86_64-debian-gcc 1.0.4 14.64 118.91 133.55 NOTE
r-devel-linux-x86_64-fedora-clang 1.0.4 228.66 NOTE
r-devel-linux-x86_64-fedora-gcc 1.0.4 224.53 NOTE
r-devel-windows-x86_64 1.0.4 46.00 183.00 229.00 NOTE
r-patched-linux-x86_64 1.0.4 27.81 149.82 177.63 NOTE
r-release-linux-x86_64 1.0.4 18.23 157.62 175.85 NOTE
r-release-macos-arm64 1.0.4 57.00 NOTE
r-release-macos-x86_64 1.0.4 89.00 NOTE
r-release-windows-x86_64 1.0.4 53.00 192.00 245.00 NOTE
r-oldrel-macos-arm64 1.0.4 91.00 NOTE
r-oldrel-macos-x86_64 1.0.4 154.00 NOTE
r-oldrel-windows-ix86+x86_64 1.0.4 44.00 180.00 224.00 NOTE

Check Details

Version: 1.0.4
Check: LazyData
Result: NOTE
     'LazyData' is specified without a 'data' directory
Flavors: r-devel-linux-x86_64-debian-clang, r-devel-linux-x86_64-debian-gcc, r-devel-linux-x86_64-fedora-clang, r-devel-linux-x86_64-fedora-gcc, r-devel-windows-x86_64, r-patched-linux-x86_64, r-release-linux-x86_64, r-release-macos-arm64, r-release-macos-x86_64, r-release-windows-x86_64, r-oldrel-macos-arm64, r-oldrel-macos-x86_64, r-oldrel-windows-ix86+x86_64