Last updated on 2024-04-24 10:22:48 CEST.
Flavor | Version | Tinstall | Tcheck | Ttotal | Status | Flags |
---|---|---|---|---|---|---|
r-devel-linux-x86_64-debian-clang | 0.3.3 | 14.33 | 121.88 | 136.21 | OK | |
r-devel-linux-x86_64-debian-gcc | 0.3.3 | 10.82 | 90.37 | 101.19 | OK | |
r-devel-linux-x86_64-fedora-clang | 0.3.3 | 173.98 | OK | |||
r-devel-linux-x86_64-fedora-gcc | 0.3.3 | 175.23 | OK | |||
r-devel-windows-x86_64 | 0.3.3 | 12.00 | 101.00 | 113.00 | OK | |
r-patched-linux-x86_64 | 0.3.3 | 12.48 | 116.60 | 129.08 | OK | |
r-release-linux-x86_64 | 0.3.3 | 13.10 | 117.87 | 130.97 | OK | |
r-release-macos-arm64 | 0.3.3 | 61.00 | OK | |||
r-release-macos-x86_64 | 0.3.3 | 129.00 | OK | |||
r-release-windows-x86_64 | 0.3.3 | 15.00 | 124.00 | 139.00 | OK | |
r-oldrel-macos-arm64 | 0.3.3 | 56.00 | WARN | |||
r-oldrel-macos-x86_64 | 0.3.3 | 146.00 | OK | |||
r-oldrel-windows-x86_64 | 0.3.3 | 16.00 | 122.00 | 138.00 | OK |
Version: 0.3.3
Check: whether the package can be unloaded cleanly
Result: WARN
Error: package or namespace load failed for ‘ao’:
.onLoad failed in loadNamespace() for 'showtext', details:
call: sysfonts::font_add("wqy-microhei", out_file)
error: freetype: unknown file format, error code 2
In addition: Warning message:
In utils::unzip(font_file, exdir = out_dir, overwrite = FALSE) :
write error in extracting from zip file
Execution halted
Flavor: r-oldrel-macos-arm64
Version: 0.3.3
Check: whether the namespace can be loaded with stated dependencies
Result: WARN
Error: .onLoad failed in loadNamespace() for 'showtext', details:
call: sysfonts::font_add("wqy-microhei", out_file)
error: freetype: unknown file format, error code 2
Execution halted
A namespace must be able to be loaded with just the base namespace
loaded: otherwise if the namespace gets loaded by a saved object, the
session will be unable to start.
Probably some imports need to be declared in the NAMESPACE file.
Flavor: r-oldrel-macos-arm64
Version: 0.3.3
Check: whether the namespace can be unloaded cleanly
Result: WARN
Error: .onLoad failed in loadNamespace() for 'showtext', details:
call: sysfonts::font_add("wqy-microhei", out_file)
error: freetype: unknown file format, error code 2
In addition: Warning message:
In utils::unzip(font_file, exdir = out_dir, overwrite = FALSE) :
write error in extracting from zip file
Execution halted
Flavor: r-oldrel-macos-arm64
Version: 0.3.3
Check: loading without being on the library search path
Result: WARN
Loading required package: optimizeR
Error: package or namespace load failed for ‘ao’:
.onLoad failed in loadNamespace() for 'showtext', details:
call: sysfonts::font_add("wqy-microhei", out_file)
error: freetype: unknown file format, error code 2
In addition: Warning message:
In utils::unzip(font_file, exdir = out_dir, overwrite = FALSE) :
write error in extracting from zip file
Execution halted
It looks like this package has a loading problem when not on .libPaths:
see the messages for details.
Flavor: r-oldrel-macos-arm64
Version: 0.3.3
Check: dependencies in R code
Result: NOTE
Error: package or namespace load failed for ‘ao’:
.onLoad failed in loadNamespace() for 'showtext', details:
call: sysfonts::font_add("wqy-microhei", out_file)
error: freetype: unknown file format, error code 2
Call sequence:
Execution halted
Flavor: r-oldrel-macos-arm64