Last updated on 2024-03-28 10:49:27 CET.
Flavor | Version | Tinstall | Tcheck | Ttotal | Status | Flags |
---|---|---|---|---|---|---|
r-devel-linux-x86_64-debian-clang | 1.0.5 | 2.50 | 530.41 | 532.91 | NOTE | |
r-devel-linux-x86_64-debian-gcc | 1.0.5 | 1.40 | 385.16 | 386.56 | NOTE | |
r-devel-linux-x86_64-fedora-clang | 1.0.5 | 595.75 | NOTE | |||
r-devel-linux-x86_64-fedora-gcc | 1.0.5 | 306.73 | NOTE | |||
r-devel-windows-x86_64 | 1.0.5 | 4.00 | 82.00 | 86.00 | NOTE | |
r-patched-linux-x86_64 | 1.0.5 | 2.20 | 557.37 | 559.57 | NOTE | |
r-release-linux-x86_64 | 1.0.5 | 1.77 | 497.24 | 499.01 | NOTE | |
r-release-macos-arm64 | 1.0.5 | 69.00 | NOTE | |||
r-release-macos-x86_64 | 1.0.5 | 97.00 | NOTE | |||
r-release-windows-x86_64 | 1.0.5 | 4.00 | 71.00 | 75.00 | NOTE | |
r-oldrel-macos-arm64 | 1.0.5 | 139.00 | NOTE | |||
r-oldrel-windows-x86_64 | 1.0.5 | 5.00 | 103.00 | 108.00 | NOTE |
Version: 1.0.5
Check: LazyData
Result: NOTE
'LazyData' is specified without a 'data' directory
Flavors: r-devel-linux-x86_64-debian-clang, r-devel-linux-x86_64-debian-gcc, r-devel-linux-x86_64-fedora-clang, r-devel-linux-x86_64-fedora-gcc, r-devel-windows-x86_64, r-patched-linux-x86_64, r-release-linux-x86_64, r-release-macos-arm64, r-release-macos-x86_64, r-release-windows-x86_64, r-oldrel-macos-arm64, r-oldrel-windows-x86_64
Version: 1.0.5
Check: dependencies in R code
Result: NOTE
Namespaces in Imports field not imported from:
‘curl’ ‘httr’
All declared Imports should be used.
Flavors: r-devel-linux-x86_64-fedora-clang, r-devel-linux-x86_64-fedora-gcc, r-oldrel-macos-arm64