CRAN Package Check Results for Package altdoc

Last updated on 2023-02-08 09:56:01 CET.

Flavor Version Tinstall Tcheck Ttotal Status Flags
r-devel-linux-x86_64-debian-clang 0.1.0 3.03 67.68 70.71 OK
r-devel-linux-x86_64-debian-gcc 0.1.0 2.52 49.31 51.83 OK
r-devel-linux-x86_64-fedora-clang 0.1.0 87.38 OK
r-devel-linux-x86_64-fedora-gcc 0.1.0 88.06 OK
r-devel-windows-x86_64 0.1.0 30.00 122.00 152.00 OK
r-patched-linux-x86_64 0.1.0 2.81 64.37 67.18 OK
r-release-linux-x86_64 0.1.0 3.30 61.83 65.13 OK
r-release-macos-arm64 0.1.0 34.00 OK
r-release-macos-x86_64 0.1.0 40.00 OK
r-release-windows-x86_64 0.1.0 20.00 179.00 199.00 OK
r-oldrel-macos-arm64 0.1.0 36.00 OK
r-oldrel-macos-x86_64 0.1.0 43.00 OK
r-oldrel-windows-ix86+x86_64 0.1.0 8.00 98.00 106.00 ERROR

Check Details

Version: 0.1.0
Check: tests
Result: ERROR
     Running 'spelling.R' [0s]
     Running 'testthat.R' [47s]
    Running the tests in 'tests/testthat.R' failed.
    Complete output:
     > library(testthat)
     > library(altdoc)
     >
     > test_check("altdoc")
     v Setting active project to 'D:/temp/RtmpioFQT1/testpkgd408fc5443d'
    
     -- Docs structure --------------------------------------------------------------
     v Folder 'docs' created.
     i No 'README' found. Created a default 'docs/README'.
     i No 'NEWS / Changelog' to include.
     i No 'Code of Conduct' to include.
     i No 'License / Licence' to include.
     v Functions reference created.
    
     -- Complete --------------------------------------------------------------------
     v Docute initialized.
     v Folder 'docs' put in '.Rbuildignore'.
     trying URL 'https://raw.githubusercontent.com/etiennebacher/conductor/master/hex-conductor.png'
     Content type 'image/png' length 29687 bytes (28 KB)
     ==================================================
     downloaded 28 KB
    
     trying URL 'https://raw.githubusercontent.com/etiennebacher/conductor/master/hex-conductor.png'
     Content type 'image/png' length 29687 bytes (28 KB)
     ==================================================
     downloaded 28 KB
    
     v Setting active project to '<no active project>'
     v Setting active project to 'D:/temp/RtmpioFQT1/testpkgd408114861fe'
    
     -- Docs structure --------------------------------------------------------------
     v Folder 'docs' created.
     i No 'README' found. Created a default 'docs/README'.
     i No 'NEWS / Changelog' to include.
     i No 'Code of Conduct' to include.
     i No 'License / Licence' to include.
     v Functions reference created.
    
     -- Vignettes -------------------------------------------------------------------
     i No vignettes to convert
    
     -- Complete --------------------------------------------------------------------
     v Docute initialized.
     v Folder 'docs' put in '.Rbuildignore'.
     v Writing 'README.md'
     * Update 'README.md' to include installation instructions.
    
     -- Update basic files ----------------------------------------------------------
     v 'README' updated.
     i No 'NEWS / Changelog' to include.
     i No 'Code of Conduct' to include.
     i No 'License / Licence' to include.
     v Functions reference updated.
    
     -- Update vignettes ------------------------------------------------------------
     i No vignettes to convert
    
     -- Complete --------------------------------------------------------------------
     v Documentation updated.
     i See `?altdoc::update_docs` to know what files are concerned.
     i Some files might have been reformatted. Get more info with `?altdoc:::reformat_md`.
     v Setting active project to '<no active project>'
     v Setting active project to 'D:/temp/RtmpioFQT1/testpkgd408223f156e'
    
     -- Docs structure --------------------------------------------------------------
     v Folder 'docs' created.
     i No 'README' found. Created a default 'docs/README'.
     i No 'NEWS / Changelog' to include.
     i No 'Code of Conduct' to include.
     i No 'License / Licence' to include.
     v Functions reference created.
    
     -- Vignettes -------------------------------------------------------------------
     i No vignettes to convert
    
     -- Complete --------------------------------------------------------------------
     v Docsify initialized.
     v Folder 'docs' put in '.Rbuildignore'.
     v Writing 'README.md'
     * Update 'README.md' to include installation instructions.
    
     -- Update basic files ----------------------------------------------------------
     v 'README' updated.
     i No 'NEWS / Changelog' to include.
     i No 'Code of Conduct' to include.
     i No 'License / Licence' to include.
     v Functions reference updated.
    
     -- Update vignettes ------------------------------------------------------------
     i No vignettes to convert
    
     -- Complete --------------------------------------------------------------------
     v Documentation updated.
     i See `?altdoc::update_docs` to know what files are concerned.
     i Some files might have been reformatted. Get more info with `?altdoc:::reformat_md`.
     v Setting active project to '<no active project>'
     v Setting active project to 'D:/temp/RtmpioFQT1/testpkgd408307371be'
     v Writing 'NEWS.md'
    
     -- Docs structure --------------------------------------------------------------
     v Folder 'docs' created.
     i No 'README' found. Created a default 'docs/README'.
     v 'NEWS.md' imported.
     i No 'Code of Conduct' to include.
     i No 'License / Licence' to include.
     v Functions reference created.
    
     -- Vignettes -------------------------------------------------------------------
     i No vignettes to convert
    
     -- Complete --------------------------------------------------------------------
     v Docute initialized.
     v Folder 'docs' put in '.Rbuildignore'.
    
     -- Update basic files ----------------------------------------------------------
     i No 'README' to include.
     v 'NEWS / Changelog' updated.
     i No 'Code of Conduct' to include.
     i No 'License / Licence' to include.
     v Functions reference updated.
    
     -- Update vignettes ------------------------------------------------------------
     i No vignettes to convert
    
     -- Complete --------------------------------------------------------------------
     v Documentation updated.
     i See `?altdoc::update_docs` to know what files are concerned.
     i Some files might have been reformatted. Get more info with `?altdoc:::reformat_md`.
     v Setting active project to '<no active project>'
     v Setting active project to 'D:/temp/RtmpioFQT1/testpkgd4086541515c'
     v Writing 'NEWS.md'
    
     -- Docs structure --------------------------------------------------------------
     v Folder 'docs' created.
     i No 'README' found. Created a default 'docs/README'.
     v 'NEWS.md' imported.
     i No 'Code of Conduct' to include.
     i No 'License / Licence' to include.
     v Functions reference created.
    
     -- Vignettes -------------------------------------------------------------------
     i No vignettes to convert
    
     -- Complete --------------------------------------------------------------------
     v Docsify initialized.
     v Folder 'docs' put in '.Rbuildignore'.
    
     -- Update basic files ----------------------------------------------------------
     i No 'README' to include.
     v 'NEWS / Changelog' updated.
     i No 'Code of Conduct' to include.
     i No 'License / Licence' to include.
     v Functions reference updated.
    
     -- Update vignettes ------------------------------------------------------------
     i No vignettes to convert
    
     -- Complete --------------------------------------------------------------------
     v Documentation updated.
     i See `?altdoc::update_docs` to know what files are concerned.
     i Some files might have been reformatted. Get more info with `?altdoc:::reformat_md`.
     v Setting active project to '<no active project>'
     v Setting active project to 'D:/temp/RtmpioFQT1/testpkgd40812ce720b'
    
     -- Docs structure --------------------------------------------------------------
     v Folder 'docs' created.
     i No 'README' found. Created a default 'docs/README'.
     i No 'NEWS / Changelog' to include.
     i No 'Code of Conduct' to include.
     i No 'License / Licence' to include.
     v Functions reference created.
    
     -- Vignettes -------------------------------------------------------------------
     i No vignettes to convert
    
     -- Complete --------------------------------------------------------------------
     v Docsify initialized.
     v Folder 'docs' put in '.Rbuildignore'.
     v Writing 'NEWS.md'
    
     -- Update basic files ----------------------------------------------------------
     i No 'README' to include.
     i No 'Code of Conduct' to include.
     i No 'License / Licence' to include.
     v Functions reference updated.
    
     -- Update vignettes ------------------------------------------------------------
     i No vignettes to convert
    
     -- Complete --------------------------------------------------------------------
     v Documentation updated.
     i See `?altdoc::update_docs` to know what files are concerned.
     i Some files might have been reformatted. Get more info with `?altdoc:::reformat_md`.
     v Setting active project to '<no active project>'
     v Setting active project to 'D:/temp/RtmpioFQT1/testpkgd408396680a'
    
     -- Docs structure --------------------------------------------------------------
     v Folder 'docs' created.
     i No 'README' found. Created a default 'docs/README'.
     i No 'NEWS / Changelog' to include.
     i No 'Code of Conduct' to include.
     i No 'License / Licence' to include.
     v Functions reference created.
    
     -- Vignettes -------------------------------------------------------------------
     i No vignettes to convert
    
     -- Complete --------------------------------------------------------------------
     v Docute initialized.
     v Folder 'docs' put in '.Rbuildignore'.
     v Writing 'NEWS.md'
    
     -- Update basic files ----------------------------------------------------------
     i No 'README' to include.
     i No 'Code of Conduct' to include.
     i No 'License / Licence' to include.
     v Functions reference updated.
    
     -- Update vignettes ------------------------------------------------------------
     i No vignettes to convert
    
     -- Complete --------------------------------------------------------------------
     v Documentation updated.
     i See `?altdoc::update_docs` to know what files are concerned.
     i Some files might have been reformatted. Get more info with `?altdoc:::reformat_md`.
     v Setting active project to '<no active project>'
     v Setting active project to 'D:/temp/RtmpioFQT1/testpkgd4081ee15ec7'
    
     -- Docs structure --------------------------------------------------------------
     v Folder 'docs' created.
     i No 'README' found. Created a default 'docs/README'.
     i No 'NEWS / Changelog' to include.
     i No 'Code of Conduct' to include.
     i No 'License / Licence' to include.
     v Functions reference created.
    
     -- Vignettes -------------------------------------------------------------------
     i No vignettes to convert
    
     -- Complete --------------------------------------------------------------------
     v Docsify initialized.
     v Folder 'docs' put in '.Rbuildignore'.
    
     -- Update basic files ----------------------------------------------------------
     i No 'README' to include.
     i No 'Code of Conduct' to include.
     i No 'License / Licence' to include.
     v Functions reference updated.
    
     -- Update vignettes ------------------------------------------------------------
     i No vignettes to convert
    
     -- Complete --------------------------------------------------------------------
     v Documentation updated.
     i See `?altdoc::update_docs` to know what files are concerned.
     i Some files might have been reformatted. Get more info with `?altdoc:::reformat_md`.
     v Setting active project to '<no active project>'
     v Setting active project to 'D:/temp/RtmpioFQT1/testpkgd40867fe6ebb'
    
     -- Docs structure --------------------------------------------------------------
     v Folder 'docs' created.
     i No 'README' found. Created a default 'docs/README'.
     i No 'NEWS / Changelog' to include.
     i No 'Code of Conduct' to include.
     i No 'License / Licence' to include.
     v Functions reference created.
    
     -- Vignettes -------------------------------------------------------------------
     i No vignettes to convert
    
     -- Complete --------------------------------------------------------------------
     v Docute initialized.
     v Folder 'docs' put in '.Rbuildignore'.
    
     -- Update basic files ----------------------------------------------------------
     i No 'README' to include.
     i No 'Code of Conduct' to include.
     i No 'License / Licence' to include.
     v Functions reference updated.
    
     -- Update vignettes ------------------------------------------------------------
     i No vignettes to convert
    
     -- Complete --------------------------------------------------------------------
     v Documentation updated.
     i See `?altdoc::update_docs` to know what files are concerned.
     i Some files might have been reformatted. Get more info with `?altdoc:::reformat_md`.
     v Setting active project to '<no active project>'
     v Setting active project to 'D:/temp/RtmpioFQT1/testpkgd40843971815'
     v Writing 'CODE_OF_CONDUCT.md'
     v Adding '^CODE_OF_CONDUCT\\.md$' to '.Rbuildignore'
     * You may also want to describe the code of conduct in your README:
     ## Code of Conduct
    
     Please note that the testpkgd40843971815 project is released with a [Contributor Code of Conduct](https://contributor-covenant.org/version/2/1/CODE_OF_CONDUCT.html). By contributing to this project, you agree to abide by its terms.
    
     -- Docs structure --------------------------------------------------------------
     v Folder 'docs' created.
     i No 'README' found. Created a default 'docs/README'.
     i No 'NEWS / Changelog' to include.
     v 'Code of Conduct' imported.
     i No 'License / Licence' to include.
     v Functions reference created.
    
     -- Vignettes -------------------------------------------------------------------
     i No vignettes to convert
    
     -- Complete --------------------------------------------------------------------
     v Docute initialized.
     v Folder 'docs' put in '.Rbuildignore'.
    
     -- Update basic files ----------------------------------------------------------
     i No 'README' to include.
     i No 'NEWS / Changelog' to include.
     v 'Code of Conduct' updated.
     i No 'License / Licence' to include.
     v Functions reference updated.
    
     -- Update vignettes ------------------------------------------------------------
     i No vignettes to convert
    
     -- Complete --------------------------------------------------------------------
     v Documentation updated.
     i See `?altdoc::update_docs` to know what files are concerned.
     i Some files might have been reformatted. Get more info with `?altdoc:::reformat_md`.
     v Setting active project to '<no active project>'
     v Setting active project to 'D:/temp/RtmpioFQT1/testpkgd4082b786dde'
     v Writing 'CODE_OF_CONDUCT.md'
     v Adding '^CODE_OF_CONDUCT\\.md$' to '.Rbuildignore'
     * You may also want to describe the code of conduct in your README:
     ## Code of Conduct
    
     Please note that the testpkgd4082b786dde project is released with a [Contributor Code of Conduct](https://contributor-covenant.org/version/2/1/CODE_OF_CONDUCT.html). By contributing to this project, you agree to abide by its terms.
    
     -- Docs structure --------------------------------------------------------------
     v Folder 'docs' created.
     i No 'README' found. Created a default 'docs/README'.
     i No 'NEWS / Changelog' to include.
     v 'Code of Conduct' imported.
     i No 'License / Licence' to include.
     v Functions reference created.
    
     -- Vignettes -------------------------------------------------------------------
     i No vignettes to convert
    
     -- Complete --------------------------------------------------------------------
     v Docsify initialized.
     v Folder 'docs' put in '.Rbuildignore'.
    
     -- Update basic files ----------------------------------------------------------
     i No 'README' to include.
     i No 'NEWS / Changelog' to include.
     v 'Code of Conduct' updated.
     i No 'License / Licence' to include.
     v Functions reference updated.
    
     -- Update vignettes ------------------------------------------------------------
     i No vignettes to convert
    
     -- Complete --------------------------------------------------------------------
     v Documentation updated.
     i See `?altdoc::update_docs` to know what files are concerned.
     i Some files might have been reformatted. Get more info with `?altdoc:::reformat_md`.
     v Setting active project to '<no active project>'
     v Setting active project to 'D:/temp/RtmpioFQT1/testpkgd40867427956'
    
     -- Docs structure --------------------------------------------------------------
     v Folder 'docs' created.
     i No 'README' found. Created a default 'docs/README'.
     i No 'NEWS / Changelog' to include.
     i No 'Code of Conduct' to include.
     i No 'License / Licence' to include.
     v Functions reference created.
    
     -- Vignettes -------------------------------------------------------------------
     i No vignettes to convert
    
     -- Complete --------------------------------------------------------------------
     v Docsify initialized.
     v Folder 'docs' put in '.Rbuildignore'.
     v Writing 'CODE_OF_CONDUCT.md'
     v Adding '^CODE_OF_CONDUCT\\.md$' to '.Rbuildignore'
     * You may also want to describe the code of conduct in your README:
     ## Code of Conduct
    
     Please note that the testpkgd40867427956 project is released with a [Contributor Code of Conduct](https://contributor-covenant.org/version/2/1/CODE_OF_CONDUCT.html). By contributing to this project, you agree to abide by its terms.
    
     -- Update basic files ----------------------------------------------------------
     i No 'README' to include.
     i No 'NEWS / Changelog' to include.
     i No 'License / Licence' to include.
     v Functions reference updated.
    
     -- Update vignettes ------------------------------------------------------------
     i No vignettes to convert
    
     -- Complete --------------------------------------------------------------------
     v Documentation updated.
     i See `?altdoc::update_docs` to know what files are concerned.
     i Some files might have been reformatted. Get more info with `?altdoc:::reformat_md`.
     v Setting active project to '<no active project>'
     v Setting active project to 'D:/temp/RtmpioFQT1/testpkgd4085f1f63e5'
    
     -- Docs structure --------------------------------------------------------------
     v Folder 'docs' created.
     i No 'README' found. Created a default 'docs/README'.
     i No 'NEWS / Changelog' to include.
     i No 'Code of Conduct' to include.
     i No 'License / Licence' to include.
     v Functions reference created.
    
     -- Vignettes -------------------------------------------------------------------
     i No vignettes to convert
    
     -- Complete --------------------------------------------------------------------
     v Docute initialized.
     v Folder 'docs' put in '.Rbuildignore'.
     v Writing 'CODE_OF_CONDUCT.md'
     v Adding '^CODE_OF_CONDUCT\\.md$' to '.Rbuildignore'
     * You may also want to describe the code of conduct in your README:
     ## Code of Conduct
    
     Please note that the testpkgd4085f1f63e5 project is released with a [Contributor Code of Conduct](https://contributor-covenant.org/version/2/1/CODE_OF_CONDUCT.html). By contributing to this project, you agree to abide by its terms.
    
     -- Update basic files ----------------------------------------------------------
     i No 'README' to include.
     i No 'NEWS / Changelog' to include.
     i No 'License / Licence' to include.
     v Functions reference updated.
    
     -- Update vignettes ------------------------------------------------------------
     i No vignettes to convert
    
     -- Complete --------------------------------------------------------------------
     v Documentation updated.
     i See `?altdoc::update_docs` to know what files are concerned.
     i Some files might have been reformatted. Get more info with `?altdoc:::reformat_md`.
     v Setting active project to '<no active project>'
     v Setting active project to 'D:/temp/RtmpioFQT1/testpkgd408641068e8'
    
     -- Docs structure --------------------------------------------------------------
     v Folder 'docs' created.
     i No 'README' found. Created a default 'docs/README'.
     i No 'NEWS / Changelog' to include.
     i No 'Code of Conduct' to include.
     i No 'License / Licence' to include.
     v Functions reference created.
    
     -- Vignettes -------------------------------------------------------------------
     i No vignettes to convert
    
     -- Complete --------------------------------------------------------------------
     v Docsify initialized.
     v Folder 'docs' put in '.Rbuildignore'.
    
     -- Update basic files ----------------------------------------------------------
     i No 'README' to include.
     i No 'NEWS / Changelog' to include.
     i No 'License / Licence' to include.
     v Functions reference updated.
    
     -- Update vignettes ------------------------------------------------------------
     i No vignettes to convert
    
     -- Complete --------------------------------------------------------------------
     v Documentation updated.
     i See `?altdoc::update_docs` to know what files are concerned.
     i Some files might have been reformatted. Get more info with `?altdoc:::reformat_md`.
     v Setting active project to '<no active project>'
     v Setting active project to 'D:/temp/RtmpioFQT1/testpkgd4087ad15134'
    
     -- Docs structure --------------------------------------------------------------
     v Folder 'docs' created.
     i No 'README' found. Created a default 'docs/README'.
     i No 'NEWS / Changelog' to include.
     i No 'Code of Conduct' to include.
     i No 'License / Licence' to include.
     v Functions reference created.
    
     -- Vignettes -------------------------------------------------------------------
     i No vignettes to convert
    
     -- Complete --------------------------------------------------------------------
     v Docute initialized.
     v Folder 'docs' put in '.Rbuildignore'.
    
     -- Update basic files ----------------------------------------------------------
     i No 'README' to include.
     i No 'NEWS / Changelog' to include.
     i No 'License / Licence' to include.
     v Functions reference updated.
    
     -- Update vignettes ------------------------------------------------------------
     i No vignettes to convert
    
     -- Complete --------------------------------------------------------------------
     v Documentation updated.
     i See `?altdoc::update_docs` to know what files are concerned.
     i Some files might have been reformatted. Get more info with `?altdoc:::reformat_md`.
     v Setting active project to '<no active project>'
     v Setting active project to 'D:/temp/RtmpioFQT1/testpkgd4085e3c729b'
     v Setting License field in DESCRIPTION to 'MIT + file LICENSE'
     v Writing 'LICENSE'
     v Writing 'LICENSE.md'
     v Adding '^LICENSE\\.md$' to '.Rbuildignore'
    
     -- Docs structure --------------------------------------------------------------
     v Folder 'docs' created.
     i No 'README' found. Created a default 'docs/README'.
     i No 'NEWS / Changelog' to include.
     i No 'Code of Conduct' to include.
     v 'LICENSE.md' imported.
     v Functions reference created.
    
     -- Vignettes -------------------------------------------------------------------
     i No vignettes to convert
    
     -- Complete --------------------------------------------------------------------
     v Docute initialized.
     v Folder 'docs' put in '.Rbuildignore'.
    
     -- Update basic files ----------------------------------------------------------
     i No 'README' to include.
     i No 'NEWS / Changelog' to include.
     i No 'Code of Conduct' to include.
     v 'License / Licence' updated.
     v Functions reference updated.
    
     -- Update vignettes ------------------------------------------------------------
     i No vignettes to convert
    
     -- Complete --------------------------------------------------------------------
     v Documentation updated.
     i See `?altdoc::update_docs` to know what files are concerned.
     i Some files might have been reformatted. Get more info with `?altdoc:::reformat_md`.
     v Setting active project to '<no active project>'
     v Setting active project to 'D:/temp/RtmpioFQT1/testpkgd408734d2b89'
     v Setting License field in DESCRIPTION to 'MIT + file LICENSE'
     v Writing 'LICENSE'
     v Writing 'LICENSE.md'
     v Adding '^LICENSE\\.md$' to '.Rbuildignore'
    
     -- Docs structure --------------------------------------------------------------
     v Folder 'docs' created.
     i No 'README' found. Created a default 'docs/README'.
     i No 'NEWS / Changelog' to include.
     i No 'Code of Conduct' to include.
     v 'LICENSE.md' imported.
     v Functions reference created.
    
     -- Vignettes -------------------------------------------------------------------
     i No vignettes to convert
    
     -- Complete --------------------------------------------------------------------
     v Docsify initialized.
     v Folder 'docs' put in '.Rbuildignore'.
    
     -- Update basic files ----------------------------------------------------------
     i No 'README' to include.
     i No 'NEWS / Changelog' to include.
     i No 'Code of Conduct' to include.
     v 'License / Licence' updated.
     v Functions reference updated.
    
     -- Update vignettes ------------------------------------------------------------
     i No vignettes to convert
    
     -- Complete --------------------------------------------------------------------
     v Documentation updated.
     i See `?altdoc::update_docs` to know what files are concerned.
     i Some files might have been reformatted. Get more info with `?altdoc:::reformat_md`.
     v Setting active project to '<no active project>'
     v Setting active project to 'D:/temp/RtmpioFQT1/testpkgd40881530b'
    
     -- Docs structure --------------------------------------------------------------
     v Folder 'docs' created.
     i No 'README' found. Created a default 'docs/README'.
     i No 'NEWS / Changelog' to include.
     i No 'Code of Conduct' to include.
     i No 'License / Licence' to include.
     v Functions reference created.
    
     -- Vignettes -------------------------------------------------------------------
     i No vignettes to convert
    
     -- Complete --------------------------------------------------------------------
     v Docsify initialized.
     v Folder 'docs' put in '.Rbuildignore'.
     v Setting License field in DESCRIPTION to 'MIT + file LICENSE'
     v Writing 'LICENSE'
     v Writing 'LICENSE.md'
     v Adding '^LICENSE\\.md$' to '.Rbuildignore'
    
     -- Update basic files ----------------------------------------------------------
     i No 'README' to include.
     i No 'NEWS / Changelog' to include.
     i No 'Code of Conduct' to include.
     v Functions reference updated.
    
     -- Update vignettes ------------------------------------------------------------
     i No vignettes to convert
    
     -- Complete --------------------------------------------------------------------
     v Documentation updated.
     i See `?altdoc::update_docs` to know what files are concerned.
     i Some files might have been reformatted. Get more info with `?altdoc:::reformat_md`.
     v Setting active project to '<no active project>'
     v Setting active project to 'D:/temp/RtmpioFQT1/testpkgd40847b377ed'
    
     -- Docs structure --------------------------------------------------------------
     v Folder 'docs' created.
     i No 'README' found. Created a default 'docs/README'.
     i No 'NEWS / Changelog' to include.
     i No 'Code of Conduct' to include.
     i No 'License / Licence' to include.
     v Functions reference created.
    
     -- Vignettes -------------------------------------------------------------------
     i No vignettes to convert
    
     -- Complete --------------------------------------------------------------------
     v Docute initialized.
     v Folder 'docs' put in '.Rbuildignore'.
     v Setting License field in DESCRIPTION to 'MIT + file LICENSE'
     v Writing 'LICENSE'
     v Writing 'LICENSE.md'
     v Adding '^LICENSE\\.md$' to '.Rbuildignore'
    
     -- Update basic files ----------------------------------------------------------
     i No 'README' to include.
     i No 'NEWS / Changelog' to include.
     i No 'Code of Conduct' to include.
     v Functions reference updated.
    
     -- Update vignettes ------------------------------------------------------------
     i No vignettes to convert
    
     -- Complete --------------------------------------------------------------------
     v Documentation updated.
     i See `?altdoc::update_docs` to know what files are concerned.
     i Some files might have been reformatted. Get more info with `?altdoc:::reformat_md`.
     v Setting active project to '<no active project>'
     v Setting active project to 'D:/temp/RtmpioFQT1/testpkgd40831841d'
    
     -- Docs structure --------------------------------------------------------------
     v Folder 'docs' created.
     i No 'README' found. Created a default 'docs/README'.
     i No 'NEWS / Changelog' to include.
     i No 'Code of Conduct' to include.
     i No 'License / Licence' to include.
     v Functions reference created.
    
     -- Vignettes -------------------------------------------------------------------
     i No vignettes to convert
    
     -- Complete --------------------------------------------------------------------
     v Docsify initialized.
     v Folder 'docs' put in '.Rbuildignore'.
    
     -- Update basic files ----------------------------------------------------------
     i No 'README' to include.
     i No 'NEWS / Changelog' to include.
     i No 'Code of Conduct' to include.
     v Functions reference updated.
    
     -- Update vignettes ------------------------------------------------------------
     i No vignettes to convert
    
     -- Complete --------------------------------------------------------------------
     v Documentation updated.
     i See `?altdoc::update_docs` to know what files are concerned.
     i Some files might have been reformatted. Get more info with `?altdoc:::reformat_md`.
     v Setting active project to '<no active project>'
     v Setting active project to 'D:/temp/RtmpioFQT1/testpkgd40854e1618d'
    
     -- Docs structure --------------------------------------------------------------
     v Folder 'docs' created.
     i No 'README' found. Created a default 'docs/README'.
     i No 'NEWS / Changelog' to include.
     i No 'Code of Conduct' to include.
     i No 'License / Licence' to include.
     v Functions reference created.
    
     -- Vignettes -------------------------------------------------------------------
     i No vignettes to convert
    
     -- Complete --------------------------------------------------------------------
     v Docute initialized.
     v Folder 'docs' put in '.Rbuildignore'.
    
     -- Update basic files ----------------------------------------------------------
     i No 'README' to include.
     i No 'NEWS / Changelog' to include.
     i No 'Code of Conduct' to include.
     v Functions reference updated.
    
     -- Update vignettes ------------------------------------------------------------
     i No vignettes to convert
    
     -- Complete --------------------------------------------------------------------
     v Documentation updated.
     i See `?altdoc::update_docs` to know what files are concerned.
     i Some files might have been reformatted. Get more info with `?altdoc:::reformat_md`.
     v Setting active project to '<no active project>'
     v Setting active project to 'D:/temp/RtmpioFQT1/testpkgd4086eaa11fe'
    
     -- Docs structure --------------------------------------------------------------
     v Folder 'docs' created.
     i No 'README' found. Created a default 'docs/README'.
     i No 'NEWS / Changelog' to include.
     i No 'Code of Conduct' to include.
     i No 'License / Licence' to include.
     v Functions reference created.
    
     -- Vignettes -------------------------------------------------------------------
     i Found 1 vignette to convert.
     \ Converting vignette: 0/1
     | Converting vignette: 1/1
     v Converting vignette: 1/1 [593ms]
    
    
     x The conversion failed for the following vignettes:
     * 'basic.Rmd'
    
     i The folder 'vignettes' was not modified.
    
     -- Complete --------------------------------------------------------------------
     v Docute initialized.
     v Folder 'docs' put in '.Rbuildignore'.
    
     -- Update basic files ----------------------------------------------------------
     i No 'README' to include.
     i No 'NEWS / Changelog' to include.
     i No 'Code of Conduct' to include.
     i No 'License / Licence' to include.
     v Functions reference updated.
    
     -- Update vignettes ------------------------------------------------------------
     i Found 2 vignettes to convert.
     \ Converting vignettes: 0/2
     v Converting vignettes: 2/2 [540ms]
    
    
     x The conversion failed for the following vignettes:
     * 'basic.Rmd'
     * 'several-outputs.Rmd'
    
     i The folder 'vignettes' was not modified.
    
     -- Complete --------------------------------------------------------------------
     v Documentation updated.
     i See `?altdoc::update_docs` to know what files are concerned.
     i Some files might have been reformatted. Get more info with `?altdoc:::reformat_md`.
     v Setting active project to '<no active project>'
     v Setting active project to 'D:/temp/RtmpioFQT1/testpkgd408367983'
    
     -- Docs structure --------------------------------------------------------------
     v Folder 'docs' created.
     i No 'README' found. Created a default 'docs/README'.
     i No 'NEWS / Changelog' to include.
     i No 'Code of Conduct' to include.
     i No 'License / Licence' to include.
     v Functions reference created.
    
     -- Vignettes -------------------------------------------------------------------
     i Found 1 vignette to convert.
     \ Converting vignette: 0/1
     v Converting vignette: 1/1 [279ms]
    
    
     x The conversion failed for the following vignettes:
     * 'basic.Rmd'
    
     i The folder 'vignettes' was not modified.
    
     -- Complete --------------------------------------------------------------------
     v Docsify initialized.
     v Folder 'docs' put in '.Rbuildignore'.
    
     -- Update basic files ----------------------------------------------------------
     i No 'README' to include.
     i No 'NEWS / Changelog' to include.
     i No 'Code of Conduct' to include.
     i No 'License / Licence' to include.
     v Functions reference updated.
    
     -- Update vignettes ------------------------------------------------------------
     i Found 2 vignettes to convert.
     \ Converting vignettes: 0/2
     v Converting vignettes: 2/2 [518ms]
    
    
     x The conversion failed for the following vignettes:
     * 'basic.Rmd'
     * 'several-outputs.Rmd'
    
     i The folder 'vignettes' was not modified.
    
     -- Complete --------------------------------------------------------------------
     v Documentation updated.
     i See `?altdoc::update_docs` to know what files are concerned.
     i Some files might have been reformatted. Get more info with `?altdoc:::reformat_md`.
     v Setting active project to '<no active project>'
     v Setting active project to 'D:/temp/RtmpioFQT1/testpkgd40818687107'
    
     -- Docs structure --------------------------------------------------------------
     v Folder 'docs' created.
     i No 'README' found. Created a default 'docs/README'.
     i No 'NEWS / Changelog' to include.
     i No 'Code of Conduct' to include.
     i No 'License / Licence' to include.
     v Functions reference created.
    
     -- Vignettes -------------------------------------------------------------------
     i No vignettes to convert
    
     -- Complete --------------------------------------------------------------------
     v Docsify initialized.
     v Folder 'docs' put in '.Rbuildignore'.
     v Setting active project to '<no active project>'
     v Setting active project to 'D:/temp/RtmpioFQT1/testpkgd40866531373'
    
     -- Docs structure --------------------------------------------------------------
     v Folder 'docs' created.
     i No 'README' found. Created a default 'docs/README'.
     i No 'NEWS / Changelog' to include.
     i No 'Code of Conduct' to include.
     i No 'License / Licence' to include.
     v Functions reference created.
    
     -- Vignettes -------------------------------------------------------------------
     i No vignettes to convert
    
     -- Complete --------------------------------------------------------------------
     v Docsify initialized.
     v Folder 'docs' put in '.Rbuildignore'.
    
     -- Docs structure --------------------------------------------------------------
     v Folder 'docs' created.
     i No 'README' found. Created a default 'docs/README'.
     i No 'NEWS / Changelog' to include.
     i No 'Code of Conduct' to include.
     i No 'License / Licence' to include.
     v Functions reference created.
    
     -- Vignettes -------------------------------------------------------------------
     i No vignettes to convert
    
     -- Complete --------------------------------------------------------------------
     v Docsify initialized.
     v Folder 'docs' put in '.Rbuildignore'.
     v Setting active project to '<no active project>'
     v Setting active project to 'D:/temp/RtmpioFQT1/testpkgd4086fd639bf'
    
     -- Docs structure --------------------------------------------------------------
     v Folder 'docs' created.
     i No 'README' found. Created a default 'docs/README'.
     i No 'NEWS / Changelog' to include.
     i No 'Code of Conduct' to include.
     i No 'License / Licence' to include.
     v Functions reference created.
    
     -- Vignettes -------------------------------------------------------------------
     i No vignettes to convert
    
     -- Complete --------------------------------------------------------------------
     v Docute initialized.
     v Folder 'docs' put in '.Rbuildignore'.
     v Setting active project to '<no active project>'
     v Setting active project to 'D:/temp/RtmpioFQT1/testpkgd408290d79ad'
    
     -- Docs structure --------------------------------------------------------------
     v Folder 'docs' created.
     i No 'README' found. Created a default 'docs/README'.
     i No 'NEWS / Changelog' to include.
     i No 'Code of Conduct' to include.
     i No 'License / Licence' to include.
     v Functions reference created.
    
     -- Vignettes -------------------------------------------------------------------
     i No vignettes to convert
    
     -- Complete --------------------------------------------------------------------
     v Docute initialized.
     v Folder 'docs' put in '.Rbuildignore'.
    
     -- Docs structure --------------------------------------------------------------
     v Folder 'docs' created.
     i No 'README' found. Created a default 'docs/README'.
     i No 'NEWS / Changelog' to include.
     i No 'Code of Conduct' to include.
     i No 'License / Licence' to include.
     v Functions reference created.
    
     -- Vignettes -------------------------------------------------------------------
     i No vignettes to convert
    
     -- Complete --------------------------------------------------------------------
     v Docute initialized.
     v Folder 'docs' put in '.Rbuildignore'.
     v Setting active project to '<no active project>'
     v Setting active project to 'D:/temp/RtmpioFQT1/testpkgd40849db5f12'
    
     -- Docs structure --------------------------------------------------------------
     v Folder 'docs' created.
     i No 'README' found. Created a default 'docs/README'.
     i No 'NEWS / Changelog' to include.
     i No 'Code of Conduct' to include.
     i No 'License / Licence' to include.
     v Functions reference created.
    
     -- Vignettes -------------------------------------------------------------------
     i No vignettes to convert
    
     -- Complete --------------------------------------------------------------------
     v Docute initialized.
     v Folder 'docs' put in '.Rbuildignore'.
     v Setting active project to '<no active project>'
     v Setting active project to 'D:/temp/RtmpioFQT1/testpkgd4081334480'
     v Setting active project to '<no active project>'
     v Setting active project to 'D:/temp/RtmpioFQT1/testpkgd408b0d16b9'
     v Setting active project to '<no active project>'
     v Setting active project to 'D:/temp/RtmpioFQT1/testpkgd40876ee92d'
     v Setting active project to '<no active project>'
     v Setting active project to 'D:/temp/RtmpioFQT1/testpkgd40894e33bd'
     v Setting active project to '<no active project>'
     v Setting active project to 'D:/temp/RtmpioFQT1/testpkgd40850bf5461'
     v Writing 'README.md'
     * Update 'README.md' to include installation instructions.
     v 'README' imported.
     v Writing 'CODE_OF_CONDUCT.md'
     v Adding '^CODE_OF_CONDUCT\\.md$' to '.Rbuildignore'
     * You may also want to describe the code of conduct in your README:
     ## Code of Conduct
    
     Please note that the testpkgd40850bf5461 project is released with a [Contributor Code of Conduct](https://contributor-covenant.org/version/2/1/CODE_OF_CONDUCT.html). By contributing to this project, you agree to abide by its terms.
     v 'Code of Conduct' imported.
     v Writing 'NEWS.md'
     v 'NEWS.md' imported.
     v Setting active project to '<no active project>'
     v Setting active project to 'D:/temp/RtmpioFQT1/testpkgd40879bdb5d'
    
     -- Docs structure --------------------------------------------------------------
     v Folder 'docs' created.
     i No 'README' found. Created a default 'docs/README'.
     i No 'NEWS / Changelog' to include.
     i No 'Code of Conduct' to include.
     i No 'License / Licence' to include.
     v Functions reference created.
    
     -- Complete --------------------------------------------------------------------
     v Docute initialized.
     v Folder 'docs' put in '.Rbuildignore'.
     docs
     +-- index.html
     +-- README.md
     +-- README_assets
     \-- reference.md
     i No vignettes to convert
     docs
     +-- index.html
     +-- README.md
     +-- README_assets
     \-- reference.md
     i No vignettes to convert
     docs
     +-- index.html
     +-- README.md
     +-- README_assets
     \-- reference.md
     v Setting active project to '<no active project>'
     v Setting active project to 'D:/temp/RtmpioFQT1/testpkgd408667f7bab'
    
     -- Docs structure --------------------------------------------------------------
     v Folder 'docs' created.
     i No 'README' found. Created a default 'docs/README'.
     i No 'NEWS / Changelog' to include.
     i No 'Code of Conduct' to include.
     i No 'License / Licence' to include.
     v Functions reference created.
    
     -- Complete --------------------------------------------------------------------
     v Docute initialized.
     v Folder 'docs' put in '.Rbuildignore'.
     \ Converting vignette: 0/1
     v Converting vignette: 1/1 [207ms]
    
    
     x The conversion failed for the following vignettes:
     * 'basic.Rmd'
    
     i The folder 'vignettes' was not modified.
     v Setting active project to '<no active project>'
     v Setting active project to 'D:/temp/RtmpioFQT1/testpkgd4084ad641a'
    
     -- Docs structure --------------------------------------------------------------
     v Folder 'docs' created.
     i No 'README' found. Created a default 'docs/README'.
     i No 'NEWS / Changelog' to include.
     i No 'Code of Conduct' to include.
     i No 'License / Licence' to include.
     v Functions reference created.
    
     -- Complete --------------------------------------------------------------------
     v Docute initialized.
     v Folder 'docs' put in '.Rbuildignore'.
     i Found 1 vignette to convert.
     \ Converting vignette: 0/1
     v Converting vignette: 1/1 [159ms]
    
    
     x The conversion failed for the following vignettes:
     * 'basic.Rmd'
    
     i The folder 'vignettes' was not modified.
     .
     +-- DESCRIPTION
     +-- docs
     | +-- articles
     | | +-- basic.md
     | | \-- figures
     | +-- index.html
     | +-- README.md
     | +-- README_assets
     | \-- reference.md
     +-- NAMESPACE
     +-- R
     +-- testpkgd4084ad641a.Rproj
     \-- vignettes
     \-- basic.Rmd
     v Setting active project to '<no active project>'
     [ FAIL 2 | WARN 1 | SKIP 12 | PASS 86 ]
    
     == Skipped tests ===============================================================
     * On CRAN (12)
    
     == Failed tests ================================================================
     -- Failure ('test-vignettes.R:25'): transform_vignettes works on basic vignette --
     fs::file_exists("docs/articles/basic.Rmd") is not TRUE
    
     `actual`: FALSE
     `expected`: TRUE
     -- Error ('test-vignettes.R:40'): transform_vignettes doesn't change anything if no change in vignettes --
     Error in `file(con, "r")`: cannot open the connection
     Backtrace:
     x
     1. \-base::readLines("docs/articles/basic.Rmd", warn = FALSE) at test-vignettes.R:40:2
     2. \-base::file(con, "r")
    
     [ FAIL 2 | WARN 1 | SKIP 12 | PASS 86 ]
     Error: Test failures
     Execution halted
Flavor: r-oldrel-windows-ix86+x86_64