Last updated on 2023-02-08 09:56:01 CET.
Flavor | Version | Tinstall | Tcheck | Ttotal | Status | Flags |
---|---|---|---|---|---|---|
r-devel-linux-x86_64-debian-clang | 0.3.4 | 61.78 | 49.16 | 110.94 | NOTE | |
r-devel-linux-x86_64-debian-gcc | 0.3.4 | 44.93 | 37.02 | 81.95 | NOTE | |
r-devel-linux-x86_64-fedora-clang | 0.3.4 | 156.84 | NOTE | |||
r-devel-linux-x86_64-fedora-gcc | 0.3.4 | 170.59 | NOTE | |||
r-devel-windows-x86_64 | 0.3.4 | 59.00 | 101.00 | 160.00 | NOTE | |
r-patched-linux-x86_64 | 0.3.4 | 47.39 | 44.94 | 92.33 | OK | |
r-release-linux-x86_64 | 0.3.4 | 53.62 | 44.23 | 97.85 | OK | |
r-release-macos-arm64 | 0.3.4 | 39.00 | OK | |||
r-release-macos-x86_64 | 0.3.4 | 53.00 | OK | |||
r-release-windows-x86_64 | 0.3.4 | 65.00 | 104.00 | 169.00 | OK | |
r-oldrel-macos-arm64 | 0.3.4 | 53.00 | OK | |||
r-oldrel-macos-x86_64 | 0.3.4 | 54.00 | OK | |||
r-oldrel-windows-ix86+x86_64 | 0.3.4 | 151.00 | 99.00 | 250.00 | OK |
Version: 0.3.4
Check: C++ specification
Result: NOTE
Specified C++11: please update to current default of C++17
Flavors: r-devel-linux-x86_64-debian-clang, r-devel-windows-x86_64
Version: 0.3.4
Check: C++ specification
Result: NOTE
Specified C++11: please drop specification unless essential
Flavors: r-devel-linux-x86_64-debian-gcc, r-devel-linux-x86_64-fedora-clang, r-devel-linux-x86_64-fedora-gcc