CRAN Package Check Results for Package agroclim

Last updated on 2020-08-04 09:48:17 CEST.

Flavor Version Tinstall Tcheck Ttotal Status Flags
r-devel-linux-x86_64-debian-clang 0.1.0 13.81 119.75 133.56 OK
r-devel-linux-x86_64-debian-gcc 0.1.0 12.60 89.30 101.90 OK
r-devel-linux-x86_64-fedora-clang 0.1.0 169.14 NOTE
r-devel-linux-x86_64-fedora-gcc 0.1.0 152.94 NOTE
r-devel-windows-ix86+x86_64 0.1.0 46.00 145.00 191.00 OK
r-patched-linux-x86_64 0.1.0 10.82 114.99 125.81 OK
r-patched-solaris-x86 0.1.0 226.90 NOTE
r-release-linux-x86_64 0.1.0 14.31 113.48 127.79 OK
r-release-macos-x86_64 0.1.0 NOTE
r-release-windows-ix86+x86_64 0.1.0 30.00 154.00 184.00 OK
r-oldrel-macos-x86_64 0.1.0 NOTE
r-oldrel-windows-ix86+x86_64 0.1.0 25.00 133.00 158.00 OK

Check Details

Version: 0.1.0
Check: dependencies in R code
Result: NOTE
    Namespace in Imports field not imported from: ‘plyr’
     All declared Imports should be used.
Flavors: r-devel-linux-x86_64-fedora-clang, r-devel-linux-x86_64-fedora-gcc, r-patched-solaris-x86, r-release-macos-x86_64, r-oldrel-macos-x86_64