CRAN Package Check Results for Package africamonitor

Last updated on 2022-10-05 10:51:34 CEST.

Flavor Version Tinstall Tcheck Ttotal Status Flags
r-devel-linux-x86_64-debian-clang 0.2.0 4.58 46.97 51.55 OK
r-devel-linux-x86_64-debian-gcc 0.2.0 3.84 34.79 38.63 OK
r-devel-linux-x86_64-fedora-clang 0.2.0 74.11 NOTE
r-devel-linux-x86_64-fedora-gcc 0.2.0 73.44 NOTE
r-devel-windows-x86_64 0.2.0 24.00 77.00 101.00 OK
r-patched-linux-x86_64 0.2.0 4.39 43.15 47.54 OK
r-release-linux-x86_64 0.2.0 3.19 43.27 46.46 OK
r-release-macos-arm64 0.2.0 21.00 NOTE
r-release-macos-x86_64 0.2.0 30.00 NOTE
r-release-windows-x86_64 0.2.0 25.00 80.00 105.00 OK
r-oldrel-macos-arm64 0.2.0 21.00 NOTE
r-oldrel-macos-x86_64 0.2.0 29.00 NOTE
r-oldrel-windows-ix86+x86_64 0.2.0 11.00 70.00 81.00 OK

Check Details

Version: 0.2.0
Check: data for non-ASCII characters
Result: NOTE
     Note: found 6 marked UTF-8 strings
Flavors: r-devel-linux-x86_64-fedora-clang, r-devel-linux-x86_64-fedora-gcc, r-release-macos-arm64, r-release-macos-x86_64, r-oldrel-macos-arm64, r-oldrel-macos-x86_64