CRAN Package Check Results for Package afmToolkit

Last updated on 2022-10-05 10:51:34 CEST.

Flavor Version Tinstall Tcheck Ttotal Status Flags
r-devel-linux-x86_64-debian-clang 0.0.1 7.78 77.35 85.13 OK
r-devel-linux-x86_64-debian-gcc 0.0.1 6.10 60.14 66.24 OK
r-devel-linux-x86_64-fedora-clang 0.0.1 123.55 NOTE
r-devel-linux-x86_64-fedora-gcc 0.0.1 119.91 NOTE
r-devel-windows-x86_64 0.0.1 26.00 108.00 134.00 OK
r-patched-linux-x86_64 0.0.1 8.10 74.65 82.75 OK
r-release-linux-x86_64 0.0.1 7.34 73.85 81.19 OK
r-release-macos-arm64 0.0.1 32.00 NOTE
r-release-macos-x86_64 0.0.1 47.00 NOTE
r-release-windows-x86_64 0.0.1 29.00 103.00 132.00 OK
r-oldrel-macos-arm64 0.0.1 44.00 NOTE
r-oldrel-macos-x86_64 0.0.1 57.00 NOTE
r-oldrel-windows-ix86+x86_64 0.0.1 18.00 98.00 116.00 OK

Check Details

Version: 0.0.1
Check: dependencies in R code
Result: NOTE
    Namespaces in Imports field not imported from:
     ‘DBI’ ‘assertthat’ ‘tibble’
     All declared Imports should be used.
Flavors: r-devel-linux-x86_64-fedora-clang, r-devel-linux-x86_64-fedora-gcc, r-release-macos-arm64, r-release-macos-x86_64, r-oldrel-macos-arm64, r-oldrel-macos-x86_64