CRAN Package Check Results for Package afex

Last updated on 2020-05-25 10:48:49 CEST.

Flavor Version Tinstall Tcheck Ttotal Status Flags
r-devel-linux-x86_64-debian-clang 0.27-2 13.55 395.35 408.90 OK
r-devel-linux-x86_64-debian-gcc 0.27-2 12.26 291.39 303.65 OK
r-devel-linux-x86_64-fedora-clang 0.27-2 334.07 OK
r-devel-linux-x86_64-fedora-gcc 0.27-2 475.32 OK
r-devel-windows-ix86+x86_64 0.27-2 54.00 529.00 583.00 OK
r-patched-linux-x86_64 0.27-2 13.80 383.94 397.74 OK
r-patched-solaris-x86 0.27-2 753.90 NOTE
r-release-linux-x86_64 0.27-2 15.69 385.55 401.24 OK
r-release-osx-x86_64 0.27-2 OK
r-release-windows-ix86+x86_64 0.27-2 33.00 516.00 549.00 OK
r-oldrel-osx-x86_64 0.27-2 OK
r-oldrel-windows-ix86+x86_64 0.27-2 28.00 523.00 551.00 OK

Check Details

Version: 0.27-2
Check: installed package size
Result: NOTE
     installed size is 5.4Mb
     sub-directories of 1Mb or more:
     doc 2.6Mb
     extdata 1.9Mb
Flavor: r-patched-solaris-x86