Last updated on 2023-01-27 10:50:10 CET.
Flavor | Version | Tinstall | Tcheck | Ttotal | Status | Flags |
---|---|---|---|---|---|---|
r-devel-linux-x86_64-debian-clang | 2.1.9 | 33.14 | 238.34 | 271.48 | OK | |
r-devel-linux-x86_64-debian-gcc | 2.1.9 | 26.56 | 176.35 | 202.91 | OK | |
r-devel-linux-x86_64-fedora-clang | 2.1.10 | 365.74 | OK | |||
r-devel-linux-x86_64-fedora-gcc | 2.1.10 | 354.61 | OK | |||
r-devel-windows-x86_64 | 2.1.9 | 191.00 | 292.00 | 483.00 | OK | |
r-patched-linux-x86_64 | 2.1.9 | 38.29 | 214.72 | 253.01 | OK | |
r-release-linux-x86_64 | 2.1.9 | 33.15 | 217.75 | 250.90 | OK | |
r-release-macos-arm64 | 2.1.9 | 77.00 | NOTE | |||
r-release-macos-x86_64 | 2.1.9 | 116.00 | OK | |||
r-release-windows-x86_64 | 2.1.10 | 74.00 | 229.00 | 303.00 | OK | |
r-oldrel-macos-arm64 | 2.1.9 | 72.00 | NOTE | |||
r-oldrel-macos-x86_64 | 2.1.9 | 113.00 | OK | |||
r-oldrel-windows-ix86+x86_64 | 2.1.9 | 68.00 | 345.00 | 413.00 | OK |
Version: 2.1.9
Check: installed package size
Result: NOTE
installed size is 5.8Mb
sub-directories of 1Mb or more:
R 2.0Mb
data 1.3Mb
files 1.7Mb
Flavors: r-release-macos-arm64, r-oldrel-macos-arm64