CRAN Package Check Results for Package addinsOutline

Last updated on 2022-09-26 09:49:51 CEST.

Flavor Version Tinstall Tcheck Ttotal Status Flags
r-devel-linux-x86_64-debian-clang 0.1.6 7.51 73.23 80.74 NOTE
r-devel-linux-x86_64-debian-gcc 0.1.6 6.89 55.00 61.89 NOTE
r-devel-linux-x86_64-fedora-clang 0.1.6 107.32 NOTE
r-devel-linux-x86_64-fedora-gcc 0.1.6 109.62 NOTE
r-devel-windows-x86_64 0.1.6 27.00 97.00 124.00 NOTE
r-patched-linux-x86_64 0.1.6 9.16 67.31 76.47 NOTE
r-release-linux-x86_64 0.1.6 9.13 68.84 77.97 NOTE
r-release-macos-arm64 0.1.6 30.00 NOTE
r-release-macos-x86_64 0.1.6 63.00 NOTE
r-release-windows-x86_64 0.1.6 23.00 97.00 120.00 NOTE
r-oldrel-macos-arm64 0.1.6 36.00 NOTE
r-oldrel-macos-x86_64 0.1.6 49.00 NOTE
r-oldrel-windows-ix86+x86_64 0.1.6 21.00 94.00 115.00 NOTE

Check Details

Version: 0.1.6
Check: LazyData
Result: NOTE
     'LazyData' is specified without a 'data' directory
Flavors: r-devel-linux-x86_64-debian-clang, r-devel-linux-x86_64-debian-gcc, r-devel-linux-x86_64-fedora-clang, r-devel-linux-x86_64-fedora-gcc, r-devel-windows-x86_64, r-patched-linux-x86_64, r-release-linux-x86_64, r-release-macos-arm64, r-release-macos-x86_64, r-release-windows-x86_64, r-oldrel-macos-arm64, r-oldrel-macos-x86_64, r-oldrel-windows-ix86+x86_64